Last updated on 2014-10-02 01:48:16.
Flavor | Version | Tinstall | Tcheck | Ttotal | Status | Flags |
---|---|---|---|---|---|---|
r-devel-linux-x86_64-debian-clang | 2.0-0 | 2.64 | 52.63 | 55.27 | NOTE | |
r-devel-linux-x86_64-debian-gcc | 2.0-0 | 2.64 | 50.58 | 53.22 | NOTE | |
r-devel-linux-x86_64-fedora-clang | 2.0-0 | 111.14 | NOTE | |||
r-devel-linux-x86_64-fedora-gcc | 2.0-0 | 102.60 | NOTE | |||
r-devel-osx-x86_64-clang | 2.0-0 | 92.04 | NOTE | |||
r-devel-windows-ix86+x86_64 | 2.0-0 | 9.00 | 87.00 | 96.00 | NOTE | |
r-patched-linux-x86_64 | 2.0-0 | 2.90 | 55.42 | 58.32 | NOTE | |
r-patched-solaris-sparc | 2.0-0 | 871.70 | NOTE | |||
r-patched-solaris-x86 | 2.0-0 | 158.70 | NOTE | |||
r-release-linux-ix86 | 2.0-0 | 3.44 | 79.24 | 82.69 | NOTE | |
r-release-linux-x86_64 | 2.0-0 | 2.76 | 54.10 | 56.87 | NOTE | |
r-release-osx-x86_64-mavericks | 2.0-0 | NOTE | ||||
r-release-osx-x86_64-snowleopard | 2.0-0 | ERROR | ||||
r-release-windows-ix86+x86_64 | 2.0-0 | 8.00 | 87.00 | 95.00 | NOTE | |
r-oldrel-windows-ix86+x86_64 | 2.0-0 | 10.00 | 100.00 | 110.00 | NOTE |
Version: 2.0-0
Check: installed package size
Result: NOTE
installed size is 6.5Mb
Flavors: r-devel-linux-x86_64-debian-clang, r-devel-linux-x86_64-debian-gcc, r-devel-linux-x86_64-fedora-clang, r-devel-linux-x86_64-fedora-gcc, r-devel-osx-x86_64-clang, r-devel-windows-ix86+x86_64, r-patched-linux-x86_64, r-patched-solaris-sparc, r-patched-solaris-x86, r-release-linux-ix86, r-release-linux-x86_64, r-release-osx-x86_64-mavericks, r-release-windows-ix86+x86_64, r-oldrel-windows-ix86+x86_64
Version: 2.0-0
Check: R code for possible problems
Result: NOTE
chaoticInvariant: no visible binding for global variable ‘lmsreg’
Flavors: r-devel-linux-x86_64-debian-clang, r-devel-linux-x86_64-debian-gcc, r-devel-linux-x86_64-fedora-clang, r-devel-linux-x86_64-fedora-gcc, r-devel-osx-x86_64-clang, r-devel-windows-ix86+x86_64
Version: 2.0-0
Check: whether package can be installed
Result: ERROR
Installation failed.
Flavor: r-release-osx-x86_64-snowleopard