Last updated on 2014-10-02 01:48:16.
Flavor | Version | Tinstall | Tcheck | Ttotal | Status | Flags |
---|---|---|---|---|---|---|
r-devel-linux-x86_64-debian-clang | 1.4-2 | 1.96 | 17.69 | 19.65 | NOTE | |
r-devel-linux-x86_64-debian-gcc | 1.4-2 | 2.68 | 16.47 | 19.15 | NOTE | |
r-devel-linux-x86_64-fedora-clang | 1.4-2 | 35.32 | NOTE | |||
r-devel-linux-x86_64-fedora-gcc | 1.4-2 | 32.82 | NOTE | |||
r-devel-osx-x86_64-clang | 1.4-2 | 31.03 | OK | |||
r-devel-windows-ix86+x86_64 | 1.4-2 | 12.00 | 38.00 | 50.00 | OK | |
r-patched-linux-x86_64 | 1.4-2 | 2.81 | 17.16 | 19.96 | NOTE | |
r-patched-solaris-sparc | 1.4-2 | 210.90 | OK | |||
r-patched-solaris-x86 | 1.4-2 | 50.50 | OK | |||
r-release-linux-ix86 | 1.4-2 | 3.16 | 26.54 | 29.70 | OK | |
r-release-linux-x86_64 | 1.4-2 | 2.72 | 16.84 | 19.56 | NOTE | |
r-release-osx-x86_64-mavericks | 1.4-2 | OK | ||||
r-release-osx-x86_64-snowleopard | 1.4-2 | OK | ||||
r-release-windows-ix86+x86_64 | 1.4-2 | 12.00 | 41.00 | 53.00 | OK | |
r-oldrel-windows-ix86+x86_64 | 1.4-2 | 12.00 | 43.00 | 55.00 | OK |
Version: 1.4-2
Check: top-level files
Result: NOTE
Non-standard files/directories found at top level:
‘Calling’ ‘Done’ ‘filters.R’
Flavors: r-devel-linux-x86_64-debian-clang, r-devel-linux-x86_64-debian-gcc, r-devel-linux-x86_64-fedora-clang, r-devel-linux-x86_64-fedora-gcc, r-patched-linux-x86_64, r-release-linux-x86_64