Last updated on 2014-10-02 01:48:16.
Flavor | Version | Tinstall | Tcheck | Ttotal | Status | Flags |
---|---|---|---|---|---|---|
r-devel-linux-x86_64-debian-clang | 1.0 | 1.05 | 18.72 | 19.77 | OK | |
r-devel-linux-x86_64-debian-gcc | 1.0 | 1.04 | 18.27 | 19.31 | OK | |
r-devel-linux-x86_64-fedora-clang | 1.0 | 39.82 | OK | |||
r-devel-linux-x86_64-fedora-gcc | 1.0 | 38.01 | OK | |||
r-devel-osx-x86_64-clang | 1.0 | 39.67 | OK | |||
r-devel-windows-ix86+x86_64 | 1.0 | 3.00 | 30.00 | 33.00 | OK | |
r-patched-linux-x86_64 | 1.0 | 1.14 | 19.36 | 20.50 | OK | |
r-patched-solaris-sparc | 1.0 | 221.00 | OK | |||
r-patched-solaris-x86 | 1.0 | 52.80 | OK | |||
r-release-linux-ix86 | 1.0 | 1.42 | 26.62 | 28.04 | OK | |
r-release-linux-x86_64 | 1.0 | 1.13 | 19.00 | 20.13 | OK | |
r-release-osx-x86_64-mavericks | 1.0 | NOTE | ||||
r-release-osx-x86_64-snowleopard | 1.0 | OK | ||||
r-release-windows-ix86+x86_64 | 1.0 | 4.00 | 31.00 | 35.00 | OK | |
r-oldrel-windows-ix86+x86_64 | 1.0 | 3.00 | 33.00 | 36.00 | OK |
Version: 1.0
Check: re-building of vignette outputs
Result: NOTE
Error in re-building vignettes:
...
Loading required package: fifer
Loading required package: xtable
Loading required package: MASS
Warning in formatC(counts/matrix(colSums(counts), nrow = nrow(counts), ncol = ncol(counts), :
class of 'x' was discarded
Warning in formatC(counts/matrix(colSums(counts), nrow = nrow(counts), ncol = ncol(counts), :
class of 'x' was discarded
Warning in formatC(counts/matrix(colSums(counts), nrow = nrow(counts), ncol = ncol(counts), :
class of 'x' was discarded
Warning in formatC(counts/matrix(colSums(counts), nrow = nrow(counts), ncol = ncol(counts), :
class of 'x' was discarded
Error in texi2dvi(file = file, pdf = TRUE, clean = clean, quiet = quiet, :
Running 'texi2dvi' on 'fifer_package.tex' failed.
LaTeX errors:
! LaTeX Error: File `apa.cls' not found.
Type X to quit or <RETURN> to proceed,
or enter new name. (Default extension: cls)
est/fifer/vignettes/fifer_package.tex:13: ==> Fatal error occurred, no output
PDF file produced!
Calls: buildVignettes -> texi2pdf -> texi2dvi
Execution halted
Flavor: r-release-osx-x86_64-mavericks