Last updated on 2014-10-02 01:48:16.
Flavor | Version | Tinstall | Tcheck | Ttotal | Status | Flags |
---|---|---|---|---|---|---|
r-devel-linux-x86_64-debian-clang | 1.0-3 | 1.60 | 8.98 | 10.58 | NOTE | |
r-devel-linux-x86_64-debian-gcc | 1.0-3 | 1.41 | 8.92 | 10.33 | NOTE | |
r-devel-linux-x86_64-fedora-clang | 1.0-3 | 20.31 | NOTE | |||
r-devel-linux-x86_64-fedora-gcc | 1.0-3 | 18.49 | NOTE | |||
r-devel-osx-x86_64-clang | 1.0-3 | 26.74 | OK | |||
r-devel-windows-ix86+x86_64 | 1.0-3 | 5.00 | 24.00 | 29.00 | OK | |
r-patched-linux-x86_64 | 1.0-3 | 1.41 | 9.10 | 10.50 | NOTE | |
r-patched-solaris-sparc | 1.0-3 | 119.40 | OK | |||
r-patched-solaris-x86 | 1.0-3 | 29.90 | OK | |||
r-release-linux-ix86 | 1.0-3 | 2.43 | 14.73 | 17.16 | OK | |
r-release-linux-x86_64 | 1.0-3 | 1.31 | 9.25 | 10.56 | NOTE | |
r-release-osx-x86_64-mavericks | 1.0-3 | ERROR | ||||
r-release-windows-ix86+x86_64 | 1.0-3 | 8.00 | 36.00 | 44.00 | OK | |
r-oldrel-windows-ix86+x86_64 | 1.0-3 | 7.00 | 30.00 | 37.00 | OK |
Version: 1.0-3
Check: top-level files
Result: NOTE
Non-standard file/directory found at top level:
‘aclocal.m4’
Flavors: r-devel-linux-x86_64-debian-clang, r-devel-linux-x86_64-debian-gcc, r-devel-linux-x86_64-fedora-clang, r-devel-linux-x86_64-fedora-gcc, r-patched-linux-x86_64, r-release-linux-x86_64
Version: 1.0-3
Check: whether package can be installed
Result: ERROR
Installation failed.
Flavor: r-release-osx-x86_64-mavericks