Last updated on 2014-10-02 01:48:16.
Flavor | Version | Tinstall | Tcheck | Ttotal | Status | Flags |
---|---|---|---|---|---|---|
r-devel-linux-x86_64-debian-clang | 0.11.3 | 2.12 | 26.10 | 28.22 | NOTE | |
r-devel-linux-x86_64-debian-gcc | 0.11.3 | 1.95 | 26.06 | 28.02 | NOTE | |
r-devel-linux-x86_64-fedora-clang | 0.11.3 | 57.17 | NOTE | |||
r-devel-linux-x86_64-fedora-gcc | 0.11.3 | 52.80 | NOTE | |||
r-devel-osx-x86_64-clang | 0.11.3 | 58.51 | NOTE | |||
r-devel-windows-ix86+x86_64 | 0.11.3 | 11.00 | 52.00 | 63.00 | NOTE | |
r-patched-linux-x86_64 | 0.11.3 | 2.20 | 27.87 | 30.07 | OK | |
r-patched-solaris-sparc | 0.11.3 | 334.90 | OK | |||
r-patched-solaris-x86 | 0.11.3 | 78.00 | OK | |||
r-release-linux-ix86 | 0.11.3 | 2.92 | 37.42 | 40.34 | OK | |
r-release-linux-x86_64 | 0.11.3 | 2.40 | 27.62 | 30.02 | OK | |
r-release-osx-x86_64-mavericks | 0.11.3 | OK | ||||
r-release-osx-x86_64-snowleopard | 0.11.3 | OK | ||||
r-release-windows-ix86+x86_64 | 0.11.3 | 11.00 | 57.00 | 68.00 | OK | |
r-oldrel-windows-ix86+x86_64 | 0.11.3 | 12.00 | 59.00 | 71.00 | OK |
Version: 0.11.3
Check: R code for possible problems
Result: NOTE
addfforder: no visible global function definition for ‘is.sorted<-’
bigglm.ffdf: no visible global function definition for ‘bigglm’
checkRange: no visible global function definition for ‘ri’
compact.ffdf: no visible global function definition for ‘physical’
droplevels.ffdf: no visible global function definition for ‘physical’
ffappend: no visible global function definition for ‘as.which’
ffdfappend: no visible global function definition for ‘physical’
ffdfdply: no visible global function definition for ‘ri’
ffrep.int: no visible global function definition for ‘ri’
ffsorted: no visible global function definition for ‘is.sorted<-’
laf_to_ffdf: no visible global function definition for ‘begin’
laf_to_ffdf: no visible global function definition for ‘next_block’
load.ffdf: no visible global function definition for ‘physical’
load.ffdf: no visible global function definition for ‘physical<-’
move.ffdf: no visible global function definition for ‘physical’
move.ffdf: no visible global function definition for ‘physical<-’
save.ffdf: no visible global function definition for ‘physical’
Flavors: r-devel-linux-x86_64-debian-clang, r-devel-linux-x86_64-debian-gcc, r-devel-linux-x86_64-fedora-clang, r-devel-linux-x86_64-fedora-gcc, r-devel-osx-x86_64-clang, r-devel-windows-ix86+x86_64