Last updated on 2014-10-02 01:48:16.
Flavor | Version | Tinstall | Tcheck | Ttotal | Status | Flags |
---|---|---|---|---|---|---|
r-devel-linux-x86_64-debian-clang | 2.2-13 | 17.71 | 46.20 | 63.92 | WARN | |
r-devel-linux-x86_64-debian-gcc | 2.2-13 | 26.24 | 44.92 | 71.16 | OK | |
r-devel-linux-x86_64-fedora-clang | 2.2-13 | 132.52 | WARN | |||
r-devel-linux-x86_64-fedora-gcc | 2.2-13 | 134.62 | OK | |||
r-devel-osx-x86_64-clang | 2.2-13 | 113.69 | WARN | |||
r-devel-windows-ix86+x86_64 | 2.2-13 | 79.00 | 82.00 | 161.00 | OK | |
r-patched-linux-x86_64 | 2.2-13 | 27.76 | 48.06 | 75.82 | OK | |
r-patched-solaris-sparc | 2.2-13 | 781.60 | OK | |||
r-patched-solaris-x86 | 2.2-13 | 209.90 | OK | |||
r-release-linux-ix86 | 2.2-13 | 32.69 | 58.54 | 91.23 | OK | |
r-release-linux-x86_64 | 2.2-13 | 27.43 | 47.62 | 75.05 | OK | |
r-release-osx-x86_64-mavericks | 2.2-13 | OK | ||||
r-release-osx-x86_64-snowleopard | 2.2-13 | OK | ||||
r-release-windows-ix86+x86_64 | 2.2-13 | 79.00 | 86.00 | 165.00 | OK | |
r-oldrel-windows-ix86+x86_64 | 2.2-13 | 75.00 | 88.00 | 163.00 | OK |
Version: 2.2-13
Check: whether package can be installed
Result: WARN
Found the following significant warnings:
ff.cpp:256:16: warning: 'long long' is a C++11 extension [-Wc++11-long-long]
ff.cpp:256:54: warning: 'long long' is a C++11 extension [-Wc++11-long-long]
Flavors: r-devel-linux-x86_64-debian-clang, r-devel-linux-x86_64-fedora-clang, r-devel-osx-x86_64-clang