Last updated on 2014-10-02 01:48:15.
Flavor | Version | Tinstall | Tcheck | Ttotal | Status | Flags |
---|---|---|---|---|---|---|
r-devel-linux-x86_64-debian-clang | 2.18 | 1.18 | 12.99 | 14.16 | NOTE | |
r-devel-linux-x86_64-debian-gcc | 2.18 | 1.14 | 12.68 | 13.82 | NOTE | |
r-devel-linux-x86_64-fedora-clang | 2.18 | 28.27 | NOTE | |||
r-devel-linux-x86_64-fedora-gcc | 2.18 | 28.42 | NOTE | |||
r-devel-osx-x86_64-clang | 2.18 | 30.65 | NOTE | |||
r-devel-windows-ix86+x86_64 | 2.18 | 6.00 | 25.00 | 31.00 | NOTE | |
r-patched-linux-x86_64 | 2.18 | 1.18 | 13.30 | 14.48 | NOTE | |
r-patched-solaris-sparc | 2.18 | 159.20 | NOTE | |||
r-patched-solaris-x86 | 2.18 | 39.20 | NOTE | |||
r-release-linux-ix86 | 2.18 | 2.06 | 19.68 | 21.74 | NOTE | |
r-release-linux-x86_64 | 2.18 | 1.18 | 12.98 | 14.15 | NOTE | |
r-release-osx-x86_64-mavericks | 2.18 | NOTE | ||||
r-release-osx-x86_64-snowleopard | 2.18 | NOTE | ||||
r-release-windows-ix86+x86_64 | 2.18 | 6.00 | 27.00 | 33.00 | NOTE | |
r-oldrel-windows-ix86+x86_64 | 2.18 | 7.00 | 30.00 | 37.00 | NOTE |
Version: 2.18
Check: top-level files
Result: NOTE
Non-standard file/directory found at top level:
‘COPYRIGHTS’
Copyright information should be in file inst/COPYRIGHTS
Flavors: r-devel-linux-x86_64-debian-clang, r-devel-linux-x86_64-debian-gcc, r-devel-linux-x86_64-fedora-clang, r-devel-linux-x86_64-fedora-gcc, r-patched-linux-x86_64, r-release-linux-x86_64
Version: 2.18
Check: dependencies in R code
Result: NOTE
Package in Depends field not imported from: ‘tis’
These packages need to be imported from (in the NAMESPACE file)
for when this namespace is loaded but not attached.
See the information on DESCRIPTION files in the chapter ‘Creating R
packages’ of the ‘Writing R Extensions’ manual.
Flavors: r-devel-linux-x86_64-debian-clang, r-devel-linux-x86_64-debian-gcc, r-devel-linux-x86_64-fedora-clang, r-devel-linux-x86_64-fedora-gcc, r-devel-osx-x86_64-clang, r-devel-windows-ix86+x86_64, r-patched-linux-x86_64, r-patched-solaris-sparc, r-patched-solaris-x86, r-release-linux-ix86, r-release-linux-x86_64, r-release-osx-x86_64-mavericks, r-release-windows-ix86+x86_64, r-oldrel-windows-ix86+x86_64
Version: 2.18
Check: R code for possible problems
Result: NOTE
File ‘fame/R/windows/zzz.R’:
.onLoad calls:
packageStartupMessage("FAME environment variable not set; assuming ", defaultDir)
packageStartupMessage("FAME directory ", fameDir, " not found.\n", "If you have FAME installed, specify it's location ", "via the FAME environment variable.\n", "Otherwise, this package is pretty useless.\n")
See section ‘Good practice’ in '?.onAttach'.
convertFreqCode: no visible global function definition for
‘isIntradayTif’
convertFreqCode: no visible global function definition for ‘between’
fameDate: no visible global function definition for ‘today’
fameDate: no visible global function definition for ‘is.ti’
fameDate: no visible global function definition for ‘ti’
fameDate: no visible global function definition for ‘year’
fameDate: no visible global function definition for ‘month’
fameDate: no visible global function definition for ‘day’
fameDateString: no visible global function definition for
‘isIntradayTif’
fameDateString: no visible global function definition for ‘year’
fameDateToTi: no visible global function definition for ‘ti’
fameDateToTi: no visible global function definition for ‘asTi’
fameIsScalar: no visible global function definition for ‘is.tis’
fameWhat: no visible global function definition for ‘blanks’
fameWhat: no visible global function definition for ‘stripBlanks’
fameWhats: no visible global function definition for ‘tifName’
fameWhats: no visible global function definition for ‘ti’
fameWildlist: no visible global function definition for ‘blanks’
fameWildlist: no visible global function definition for ‘between’
fameWildlist: no visible global function definition for ‘tifName’
fameWriteScalar: no visible global function definition for ‘is.ti’
fameWriteScalar: no visible global function definition for
‘description’
fameWriteScalar: no visible global function definition for
‘documentation’
fameWriteSeries: no visible global function definition for ‘observed’
fameWriteSeries: no visible global function definition for
‘description’
fameWriteSeries: no visible global function definition for
‘documentation’
fameWriteSeries: no visible global function definition for ‘tif’
fameWriteSeries: no visible global function definition for ‘year’
getfame: no visible global function definition for ‘between’
getfame: no visible global function definition for ‘ti’
getfame: no visible global function definition for ‘description<-’
getfame: no visible global function definition for ‘documentation<-’
getfame: no visible global function definition for ‘year’
getfame: no visible global function definition for ‘blanks’
getfame: no visible global function definition for ‘stripBlanks’
getfame: no visible global function definition for ‘tis’
isScalarOrTis: no visible global function definition for ‘is.tis’
tifToFameName: no visible global function definition for ‘tifName’
tifToFameName: no visible global function definition for
‘isIntradayTif’
Flavors: r-devel-linux-x86_64-debian-clang, r-devel-linux-x86_64-debian-gcc, r-devel-linux-x86_64-fedora-clang, r-devel-linux-x86_64-fedora-gcc, r-devel-osx-x86_64-clang, r-devel-windows-ix86+x86_64
Version: 2.18
Check: Rd line widths
Result: NOTE
Rd file 'fameAddAttribute.Rd':
\usage lines wider than 90 characters:
fameAddAttribute(name, type = c("string", "date", "boolean", "precision", "numeric", "namelist"), db)
These lines will be truncated in the PDF manual.
Flavors: r-devel-linux-x86_64-debian-clang, r-devel-linux-x86_64-debian-gcc, r-devel-linux-x86_64-fedora-clang, r-devel-linux-x86_64-fedora-gcc, r-patched-linux-x86_64, r-release-linux-x86_64
Version: 2.18
Check: R code for possible problems
Result: NOTE
File ‘fame/R/windows/zzz.R’:
.onLoad calls:
packageStartupMessage("FAME environment variable not set; assuming ", defaultDir)
packageStartupMessage("FAME directory ", fameDir, " not found.\n", "If you have FAME installed, specify it's location ", "via the FAME environment variable.\n", "Otherwise, this package is pretty useless.\n")
See section ‘Good practice’ in '?.onAttach'.
Flavors: r-patched-linux-x86_64, r-patched-solaris-sparc, r-patched-solaris-x86, r-release-linux-ix86, r-release-linux-x86_64, r-release-osx-x86_64-mavericks, r-release-osx-x86_64-snowleopard, r-release-windows-ix86+x86_64, r-oldrel-windows-ix86+x86_64