Last updated on 2014-10-02 01:48:16.
Flavor | Version | Tinstall | Tcheck | Ttotal | Status | Flags |
---|---|---|---|---|---|---|
r-devel-linux-x86_64-debian-clang | 3010.81 | 3.20 | 80.81 | 84.00 | OK | |
r-devel-linux-x86_64-debian-gcc | 3010.81 | 3.12 | 81.30 | 84.43 | OK | |
r-devel-linux-x86_64-fedora-clang | 3010.81 | 186.17 | OK | |||
r-devel-linux-x86_64-fedora-gcc | 3010.81 | 179.02 | OK | |||
r-devel-osx-x86_64-clang | 3010.81 | 136.87 | OK | |||
r-devel-windows-ix86+x86_64 | 3010.81 | 10.00 | 119.00 | 129.00 | OK | |
r-patched-linux-x86_64 | 3010.81 | 3.29 | 92.46 | 95.75 | OK | |
r-patched-solaris-sparc | 3010.81 | 1074.20 | OK | |||
r-patched-solaris-x86 | 3010.81 | 231.20 | OK | |||
r-release-linux-ix86 | 3010.81 | 4.20 | 108.75 | 112.95 | OK | |
r-release-linux-x86_64 | 3010.81 | 3.52 | 92.31 | 95.83 | OK | |
r-release-osx-x86_64-mavericks | 3010.81 | OK | ||||
r-release-osx-x86_64-snowleopard | 3010.81 | ERROR | ||||
r-release-windows-ix86+x86_64 | 3010.81 | 9.00 | 135.00 | 144.00 | OK | |
r-oldrel-windows-ix86+x86_64 | 3010.81 | 11.00 | 117.00 | 128.00 | OK |
Version: 3010.81
Check: whether package can be installed
Result: ERROR
Installation failed.
Flavor: r-release-osx-x86_64-snowleopard