Last updated on 2014-10-02 01:48:16.
Flavor | Version | Tinstall | Tcheck | Ttotal | Status | Flags |
---|---|---|---|---|---|---|
r-devel-linux-x86_64-debian-clang | 2152.78 | 2.72 | 44.78 | 47.49 | OK | |
r-devel-linux-x86_64-debian-gcc | 2152.78 | 3.53 | 43.88 | 47.41 | OK | |
r-devel-linux-x86_64-fedora-clang | 2152.78 | 103.58 | OK | |||
r-devel-linux-x86_64-fedora-gcc | 2152.78 | 94.62 | OK | |||
r-devel-osx-x86_64-clang | 2152.78 | 80.93 | OK | |||
r-devel-windows-ix86+x86_64 | 2152.78 | 8.00 | 60.00 | 68.00 | OK | |
r-patched-linux-x86_64 | 2152.78 | 2.89 | 46.86 | 49.75 | OK | |
r-patched-solaris-sparc | 2152.78 | 570.40 | OK | |||
r-patched-solaris-x86 | 2152.78 | 124.90 | OK | |||
r-release-linux-ix86 | 2152.78 | 3.59 | 56.64 | 60.23 | OK | |
r-release-linux-x86_64 | 2152.78 | 3.08 | 47.15 | 50.23 | OK | |
r-release-osx-x86_64-mavericks | 2152.78 | OK | ||||
r-release-osx-x86_64-snowleopard | 2152.78 | ERROR | ||||
r-release-windows-ix86+x86_64 | 2152.78 | 7.00 | 66.00 | 73.00 | OK | |
r-oldrel-windows-ix86+x86_64 | 2152.78 | 8.00 | 60.00 | 68.00 | OK |
Version: 2152.78
Check: whether package can be installed
Result: ERROR
Installation failed.
Flavor: r-release-osx-x86_64-snowleopard