Last updated on 2014-10-02 01:48:15.
Flavor | Version | Tinstall | Tcheck | Ttotal | Status | Flags |
---|---|---|---|---|---|---|
r-devel-linux-x86_64-debian-clang | 3010.79 | 4.94 | 42.26 | 47.20 | OK | |
r-devel-linux-x86_64-debian-gcc | 3010.79 | 4.92 | 44.98 | 49.90 | OK | |
r-devel-linux-x86_64-fedora-clang | 3010.79 | 101.18 | OK | |||
r-devel-linux-x86_64-fedora-gcc | 3010.79 | 94.48 | OK | |||
r-devel-osx-x86_64-clang | 3010.79 | 80.40 | OK | |||
r-devel-windows-ix86+x86_64 | 3010.79 | 15.00 | 83.00 | 98.00 | OK | |
r-patched-linux-x86_64 | 3010.79 | 5.38 | 44.86 | 50.24 | OK | |
r-patched-solaris-sparc | 3010.79 | 587.00 | OK | |||
r-patched-solaris-x86 | 3010.79 | 125.60 | OK | |||
r-release-linux-ix86 | 3010.79 | 6.93 | 54.68 | 61.61 | OK | |
r-release-linux-x86_64 | 3010.79 | 5.28 | 46.08 | 51.36 | OK | |
r-release-osx-x86_64-mavericks | 3010.79 | OK | ||||
r-release-osx-x86_64-snowleopard | 3010.79 | ERROR | ||||
r-release-windows-ix86+x86_64 | 3010.79 | 15.00 | 85.00 | 100.00 | OK | |
r-oldrel-windows-ix86+x86_64 | 3010.79 | 15.00 | 90.00 | 105.00 | OK |
Version: 3010.79
Check: whether package can be installed
Result: ERROR
Installation failed.
Flavor: r-release-osx-x86_64-snowleopard