Last updated on 2014-10-02 01:48:15.
Flavor | Version | Tinstall | Tcheck | Ttotal | Status | Flags |
---|---|---|---|---|---|---|
r-devel-linux-x86_64-debian-clang | 0.5-1 | 0.62 | 28.72 | 29.34 | NOTE | |
r-devel-linux-x86_64-debian-gcc | 0.5-1 | 0.72 | 28.96 | 29.69 | NOTE | |
r-devel-linux-x86_64-fedora-clang | 0.5-1 | 62.42 | NOTE | |||
r-devel-linux-x86_64-fedora-gcc | 0.5-1 | 57.52 | NOTE | |||
r-devel-osx-x86_64-clang | 0.5-1 | 50.18 | NOTE | |||
r-devel-windows-ix86+x86_64 | 0.5-1 | 2.00 | 43.00 | 45.00 | NOTE | |
r-patched-linux-x86_64 | 0.5-1 | 0.66 | 30.68 | 31.34 | NOTE | |
r-patched-solaris-sparc | 0.5-1 | 368.20 | NOTE | |||
r-patched-solaris-x86 | 0.5-1 | 72.50 | NOTE | |||
r-release-linux-ix86 | 0.5-1 | 0.89 | 39.52 | 40.41 | NOTE | |
r-release-linux-x86_64 | 0.5-1 | 0.59 | 30.52 | 31.10 | NOTE | |
r-release-osx-x86_64-mavericks | 0.5-1 | NOTE | ||||
r-release-windows-ix86+x86_64 | 0.5-1 | 3.00 | 66.00 | 69.00 | NOTE | |
r-oldrel-windows-ix86+x86_64 | 0.5-1 | 2.00 | 47.00 | 49.00 | NOTE |
Version: 0.5-1
Check: top-level files
Result: NOTE
File
LICENSE
is not mentioned in the DESCRIPTION file.
Flavors: r-devel-linux-x86_64-debian-clang, r-devel-linux-x86_64-debian-gcc, r-devel-linux-x86_64-fedora-clang, r-devel-linux-x86_64-fedora-gcc, r-devel-osx-x86_64-clang, r-devel-windows-ix86+x86_64, r-patched-linux-x86_64, r-patched-solaris-sparc, r-patched-solaris-x86, r-release-linux-ix86, r-release-linux-x86_64, r-release-osx-x86_64-mavericks, r-release-windows-ix86+x86_64, r-oldrel-windows-ix86+x86_64
Version: 0.5-1
Check: R code for possible problems
Result: NOTE
File ‘fANCOVA/R/onload.R’:
.onLoad calls:
packageStartupMessage("fANCOVA 0.5-1 loaded")
See section ‘Good practice’ in '?.onAttach'.
Flavors: r-devel-linux-x86_64-debian-clang, r-devel-linux-x86_64-debian-gcc, r-devel-linux-x86_64-fedora-clang, r-devel-linux-x86_64-fedora-gcc, r-devel-osx-x86_64-clang, r-devel-windows-ix86+x86_64
Version: 0.5-1
Check: Rd \usage sections
Result: NOTE
S3 methods shown with full name in documentation object 'plot.fANCOVA':
‘plot.fANCOVA’
The \usage entries for S3 methods should use the \method markup and not
their full name.
See the chapter ‘Writing R documentation files’ in the ‘Writing R
Extensions’ manual.
Flavors: r-devel-linux-x86_64-debian-clang, r-devel-linux-x86_64-debian-gcc, r-devel-linux-x86_64-fedora-clang, r-devel-linux-x86_64-fedora-gcc, r-devel-osx-x86_64-clang, r-devel-windows-ix86+x86_64, r-patched-linux-x86_64, r-patched-solaris-sparc, r-patched-solaris-x86, r-release-linux-ix86, r-release-linux-x86_64, r-release-osx-x86_64-mavericks, r-release-windows-ix86+x86_64, r-oldrel-windows-ix86+x86_64