Last updated on 2014-10-02 01:48:15.
Flavor | Version | Tinstall | Tcheck | Ttotal | Status | Flags |
---|---|---|---|---|---|---|
r-devel-linux-x86_64-debian-clang | 0.99-1.1 | 4.56 | 58.51 | 63.07 | NOTE | |
r-devel-linux-x86_64-debian-gcc | 0.99-1.1 | 4.84 | 58.42 | 63.26 | NOTE | |
r-devel-linux-x86_64-fedora-clang | 0.99-1.1 | 145.49 | NOTE | |||
r-devel-linux-x86_64-fedora-gcc | 0.99-1.1 | 141.31 | NOTE | |||
r-devel-osx-x86_64-clang | 0.99-1.1 | 119.48 | NOTE | |||
r-devel-windows-ix86+x86_64 | 0.99-1.1 | 20.00 | 110.00 | 130.00 | NOTE | |
r-patched-linux-x86_64 | 0.99-1.1 | 4.87 | 62.39 | 67.26 | OK | |
r-patched-solaris-sparc | 0.99-1.1 | 837.60 | OK | |||
r-patched-solaris-x86 | 0.99-1.1 | 195.90 | OK | |||
r-release-linux-ix86 | 0.99-1.1 | 6.31 | 75.26 | 81.57 | OK | |
r-release-linux-x86_64 | 0.99-1.1 | 4.92 | 60.78 | 65.70 | OK | |
r-release-osx-x86_64-mavericks | 0.99-1.1 | OK | ||||
r-release-osx-x86_64-snowleopard | 0.99-1.1 | OK | ||||
r-release-windows-ix86+x86_64 | 0.99-1.1 | 19.00 | 128.00 | 147.00 | OK | |
r-oldrel-windows-ix86+x86_64 | 0.99-1.1 | 18.00 | 119.00 | 137.00 | OK |
Version: 0.99-1.1
Check: R code for possible problems
Result: NOTE
.expmFrechet2008.26: no visible global function definition for
‘Diagonal’
expm.Higham08: no visible global function definition for ‘Diagonal’
Flavors: r-devel-linux-x86_64-debian-clang, r-devel-linux-x86_64-debian-gcc, r-devel-linux-x86_64-fedora-clang, r-devel-linux-x86_64-fedora-gcc, r-devel-osx-x86_64-clang, r-devel-windows-ix86+x86_64