Last updated on 2014-10-02 01:48:15.
Flavor | Version | Tinstall | Tcheck | Ttotal | Status | Flags |
---|---|---|---|---|---|---|
r-devel-linux-x86_64-debian-clang | 1.1-1 | 7.89 | 17.86 | 25.75 | NOTE | |
r-devel-linux-x86_64-debian-gcc | 1.1-1 | 11.75 | 18.36 | 30.11 | NOTE | |
r-devel-linux-x86_64-fedora-clang | 1.1-1 | 51.89 | NOTE | |||
r-devel-linux-x86_64-fedora-gcc | 1.1-1 | 47.16 | NOTE | |||
r-devel-osx-x86_64-clang | 1.1-1 | 41.26 | NOTE | |||
r-devel-windows-ix86+x86_64 | 1.1-1 | 28.00 | 30.00 | 58.00 | NOTE | |
r-patched-linux-x86_64 | 1.1-1 | 11.78 | 18.70 | 30.48 | NOTE | |
r-patched-solaris-sparc | 1.1-1 | 323.80 | NOTE | |||
r-patched-solaris-x86 | 1.1-1 | 86.30 | NOTE | |||
r-release-linux-ix86 | 1.1-1 | 10.36 | 25.53 | 35.89 | NOTE | |
r-release-linux-x86_64 | 1.1-1 | 11.64 | 18.57 | 30.22 | NOTE | |
r-release-osx-x86_64-mavericks | 1.1-1 | NOTE | ||||
r-release-windows-ix86+x86_64 | 1.1-1 | 27.00 | 36.00 | 63.00 | NOTE | |
r-oldrel-windows-ix86+x86_64 | 1.1-1 | 28.00 | 33.00 | 61.00 | NOTE |
Version: 1.1-1
Check: dependencies in R code
Result: NOTE
Package in Depends field not imported from: ‘boot’
These packages need to be imported from (in the NAMESPACE file)
for when this namespace is loaded but not attached.
See the information on DESCRIPTION files in the chapter ‘Creating R
packages’ of the ‘Writing R Extensions’ manual.
Flavors: r-devel-linux-x86_64-debian-clang, r-devel-linux-x86_64-debian-gcc, r-devel-linux-x86_64-fedora-clang, r-devel-linux-x86_64-fedora-gcc, r-devel-osx-x86_64-clang, r-devel-windows-ix86+x86_64, r-patched-linux-x86_64, r-patched-solaris-sparc, r-patched-solaris-x86, r-release-linux-ix86, r-release-linux-x86_64, r-release-osx-x86_64-mavericks, r-release-windows-ix86+x86_64, r-oldrel-windows-ix86+x86_64
Version: 1.1-1
Check: R code for possible problems
Result: NOTE
ATEbounds: no visible global function definition for ‘boot’
Flavors: r-devel-linux-x86_64-debian-clang, r-devel-linux-x86_64-debian-gcc, r-devel-linux-x86_64-fedora-clang, r-devel-linux-x86_64-fedora-gcc, r-devel-osx-x86_64-clang, r-devel-windows-ix86+x86_64