Last updated on 2014-10-02 01:48:15.
Flavor | Version | Tinstall | Tcheck | Ttotal | Status | Flags |
---|---|---|---|---|---|---|
r-devel-linux-x86_64-debian-clang | 1.0.3 | 3.12 | 29.96 | 33.07 | OK | |
r-devel-linux-x86_64-debian-gcc | 1.0.3 | 3.22 | 30.47 | 33.69 | OK | |
r-devel-linux-x86_64-fedora-clang | 1.0.3 | 70.60 | OK | |||
r-devel-linux-x86_64-fedora-gcc | 1.0.3 | 68.06 | OK | |||
r-devel-osx-x86_64-clang | 1.0.3 | 57.97 | OK | |||
r-devel-windows-ix86+x86_64 | 1.0.3 | 9.00 | 56.00 | 65.00 | OK | |
r-patched-linux-x86_64 | 1.0.3 | 3.13 | 31.38 | 34.50 | OK | |
r-patched-solaris-sparc | 1.0.3 | 360.60 | OK | |||
r-patched-solaris-x86 | 1.0.3 | 91.30 | OK | |||
r-release-linux-ix86 | 1.0.3 | 4.08 | 40.24 | 44.32 | OK | |
r-release-linux-x86_64 | 1.0.3 | 3.20 | 30.94 | 34.15 | OK | |
r-release-osx-x86_64-mavericks | 1.0.3 | WARN | ||||
r-release-osx-x86_64-snowleopard | 1.0.3 | OK | ||||
r-release-windows-ix86+x86_64 | 1.0.3 | 11.00 | 62.00 | 73.00 | OK | |
r-oldrel-windows-ix86+x86_64 | 1.0.3 | 12.00 | 58.00 | 70.00 | OK |
Version: 1.0.3
Check: whether package can be installed
Result: WARN
Found the following significant warnings:
Warning: Possible change of value in conversion from REAL(8) to REAL(4) at (1)
Warning: Possible change of value in conversion from REAL(8) to REAL(4) at (1)
Flavor: r-release-osx-x86_64-mavericks