Last updated on 2014-10-02 01:48:15.
Flavor | Version | Tinstall | Tcheck | Ttotal | Status | Flags |
---|---|---|---|---|---|---|
r-devel-linux-x86_64-debian-clang | 1.2 | 4.19 | 13.10 | 17.29 | NOTE | |
r-devel-linux-x86_64-debian-gcc | 1.2 | 4.62 | 13.05 | 17.66 | NOTE | |
r-devel-linux-x86_64-fedora-clang | 1.2 | 37.64 | NOTE | |||
r-devel-linux-x86_64-fedora-gcc | 1.2 | 31.98 | NOTE | |||
r-devel-osx-x86_64-clang | 1.2 | 34.69 | NOTE | |||
r-devel-windows-ix86+x86_64 | 1.2 | 22.00 | 28.00 | 50.00 | NOTE | |
r-patched-linux-x86_64 | 1.2 | 4.63 | 13.50 | 18.13 | NOTE | |
r-patched-solaris-sparc | 1.2 | 209.40 | NOTE | |||
r-patched-solaris-x86 | 1.2 | 48.70 | NOTE | |||
r-release-linux-ix86 | 1.2 | 6.63 | 19.94 | 26.57 | NOTE | |
r-release-linux-x86_64 | 1.2 | 4.75 | 13.73 | 18.48 | NOTE | |
r-release-osx-x86_64-mavericks | 1.2 | NOTE | ||||
r-release-osx-x86_64-snowleopard | 1.2 | OK | ||||
r-release-windows-ix86+x86_64 | 1.2 | 26.00 | 28.00 | 54.00 | NOTE | |
r-oldrel-windows-ix86+x86_64 | 1.2 | 26.00 | 32.00 | 58.00 | NOTE |
Version: 1.2
Check: dependencies in R code
Result: NOTE
Packages in Depends field not imported from:
‘lattice’ ‘splines’
These packages need to be imported from (in the NAMESPACE file)
for when this namespace is loaded but not attached.
See the information on DESCRIPTION files in the chapter ‘Creating R
packages’ of the ‘Writing R Extensions’ manual.
Flavors: r-devel-linux-x86_64-debian-clang, r-devel-linux-x86_64-debian-gcc, r-devel-linux-x86_64-fedora-clang, r-devel-linux-x86_64-fedora-gcc, r-devel-osx-x86_64-clang, r-devel-windows-ix86+x86_64, r-patched-linux-x86_64, r-patched-solaris-sparc, r-patched-solaris-x86
Version: 1.2
Check: R code for possible problems
Result: NOTE
plot.erboost: no visible global function definition for ‘levelplot’
plot.erboost: no visible global function definition for ‘xyplot’
plot.erboost: no visible global function definition for ‘stripplot’
plot.erboost: no visible global function definition for ‘equal.count’
Flavors: r-devel-linux-x86_64-debian-clang, r-devel-linux-x86_64-debian-gcc, r-devel-linux-x86_64-fedora-clang, r-devel-linux-x86_64-fedora-gcc, r-devel-osx-x86_64-clang, r-devel-windows-ix86+x86_64
Version: 1.2
Check: dependencies in R code
Result: NOTE
Package in Depends field not imported from: ‘lattice’
These packages need to be imported from (in the NAMESPACE file)
for when this namespace is loaded but not attached.
See the information on DESCRIPTION files in the chapter ‘Creating R
packages’ of the ‘Writing R Extensions’ manual.
Flavors: r-release-linux-ix86, r-release-linux-x86_64, r-release-osx-x86_64-mavericks, r-release-windows-ix86+x86_64, r-oldrel-windows-ix86+x86_64