Last updated on 2014-10-02 01:48:15.
Flavor | Version | Tinstall | Tcheck | Ttotal | Status | Flags |
---|---|---|---|---|---|---|
r-devel-linux-x86_64-debian-clang | 2.0 | 0.75 | 14.64 | 15.40 | NOTE | |
r-devel-linux-x86_64-debian-gcc | 2.0 | 0.73 | 14.54 | 15.26 | NOTE | |
r-devel-linux-x86_64-fedora-clang | 2.0 | 31.65 | NOTE | |||
r-devel-linux-x86_64-fedora-gcc | 2.0 | 28.85 | NOTE | |||
r-devel-osx-x86_64-clang | 2.0 | 30.81 | NOTE | |||
r-devel-windows-ix86+x86_64 | 2.0 | 3.00 | 24.00 | 27.00 | NOTE | |
r-patched-linux-x86_64 | 2.0 | 0.78 | 16.39 | 17.17 | NOTE | |
r-patched-solaris-sparc | 2.0 | 168.20 | NOTE | |||
r-patched-solaris-x86 | 2.0 | 44.50 | NOTE | |||
r-release-linux-ix86 | 2.0 | 1.02 | 21.73 | 22.74 | NOTE | |
r-release-linux-x86_64 | 2.0 | 0.76 | 15.98 | 16.73 | NOTE | |
r-release-osx-x86_64-mavericks | 2.0 | NOTE | ||||
r-release-windows-ix86+x86_64 | 2.0 | 3.00 | 25.00 | 28.00 | NOTE | |
r-oldrel-windows-ix86+x86_64 | 2.0 | 3.00 | 25.00 | 28.00 | NOTE |
Version: 2.0
Check: dependencies in R code
Result: NOTE
Package in Depends field not imported from: ‘car’
These packages need to be imported from (in the NAMESPACE file)
for when this namespace is loaded but not attached.
See the information on DESCRIPTION files in the chapter ‘Creating R
packages’ of the ‘Writing R Extensions’ manual.
Flavors: r-devel-linux-x86_64-debian-clang, r-devel-linux-x86_64-debian-gcc, r-devel-linux-x86_64-fedora-clang, r-devel-linux-x86_64-fedora-gcc, r-devel-osx-x86_64-clang, r-devel-windows-ix86+x86_64, r-patched-linux-x86_64, r-patched-solaris-sparc, r-patched-solaris-x86, r-release-linux-ix86, r-release-linux-x86_64, r-release-osx-x86_64-mavericks, r-release-windows-ix86+x86_64, r-oldrel-windows-ix86+x86_64
Version: 2.0
Check: R code for possible problems
Result: NOTE
pr2 : fa22: no visible global function definition for ‘Anova’
Flavors: r-devel-linux-x86_64-debian-clang, r-devel-linux-x86_64-debian-gcc, r-devel-linux-x86_64-fedora-clang, r-devel-linux-x86_64-fedora-gcc, r-devel-osx-x86_64-clang, r-devel-windows-ix86+x86_64