Last updated on 2014-10-02 01:48:15.
Flavor | Version | Tinstall | Tcheck | Ttotal | Status | Flags |
---|---|---|---|---|---|---|
r-devel-linux-x86_64-debian-clang | 5.0.8 | 1.28 | 59.30 | 60.58 | NOTE | |
r-devel-linux-x86_64-debian-gcc | 5.0.8 | 1.23 | 58.82 | 60.06 | NOTE | |
r-devel-linux-x86_64-fedora-clang | 5.0.8 | 125.79 | NOTE | |||
r-devel-linux-x86_64-fedora-gcc | 5.0.8 | 120.10 | NOTE | |||
r-devel-osx-x86_64-clang | 5.0.8 | 98.97 | NOTE | |||
r-devel-windows-ix86+x86_64 | 5.0.8 | 4.00 | 79.00 | 83.00 | NOTE | |
r-patched-linux-x86_64 | 5.0.8 | 1.31 | 63.59 | 64.90 | OK | |
r-patched-solaris-sparc | 5.0.8 | 706.50 | OK | |||
r-patched-solaris-x86 | 5.0.8 | 138.90 | OK | |||
r-release-linux-ix86 | 5.0.8 | 1.75 | 78.98 | 80.74 | OK | |
r-release-linux-x86_64 | 5.0.8 | 1.25 | 63.42 | 64.67 | OK | |
r-release-osx-x86_64-mavericks | 5.0.8 | OK | ||||
r-release-osx-x86_64-snowleopard | 5.0.8 | OK | ||||
r-release-windows-ix86+x86_64 | 5.0.8 | 4.00 | 92.00 | 96.00 | OK | |
r-oldrel-windows-ix86+x86_64 | 5.0.8 | 4.00 | 88.00 | 92.00 | OK |
Version: 5.0.8
Check: R code for possible problems
Result: NOTE
plotProbcast: no visible global function definition for ‘image.plot’
plotProbcast: no visible global function definition for ‘US’
plotProbcast: no visible global function definition for ‘map’
plotProbcast: no visible global function definition for ‘world’
Flavors: r-devel-linux-x86_64-debian-clang, r-devel-linux-x86_64-debian-gcc, r-devel-linux-x86_64-fedora-clang, r-devel-linux-x86_64-fedora-gcc, r-devel-osx-x86_64-clang, r-devel-windows-ix86+x86_64