CRAN Package Check Results for Package ellipse

Last updated on 2014-10-02 01:48:15.

Flavor Version Tinstall Tcheck Ttotal Status Flags
r-devel-linux-x86_64-debian-clang 0.3-8 0.62 11.19 11.81 NOTE
r-devel-linux-x86_64-debian-gcc 0.3-8 0.60 10.82 11.42 NOTE
r-devel-linux-x86_64-fedora-clang 0.3-8 23.53 NOTE
r-devel-linux-x86_64-fedora-gcc 0.3-8 22.44 NOTE
r-devel-osx-x86_64-clang 0.3-8 24.62 OK
r-devel-windows-ix86+x86_64 0.3-8 2.00 16.00 18.00 OK
r-patched-linux-x86_64 0.3-8 0.62 11.51 12.13 NOTE
r-patched-solaris-sparc 0.3-8 134.60 OK
r-patched-solaris-x86 0.3-8 34.40 OK
r-release-linux-ix86 0.3-8 0.87 17.10 17.96 OK
r-release-linux-x86_64 0.3-8 0.61 11.14 11.75 NOTE
r-release-osx-x86_64-mavericks 0.3-8 OK
r-release-windows-ix86+x86_64 0.3-8 2.00 20.00 22.00 OK
r-oldrel-windows-ix86+x86_64 0.3-8 2.00 18.00 20.00 OK

Check Details

Version: 0.3-8
Check: Rd line widths
Result: NOTE
    Rd file 'ellipse.profile.nls.Rd':
     \usage lines wider than 90 characters:
     ellipse(x, which = c(1, 2), level = 0.95, t = sqrt(2 * qf(level, 2, attr(x, "summary")$df[2])),
    
    Rd file 'plotcorr.Rd':
     \usage lines wider than 90 characters:
     plotcorr(corr, outline = TRUE, col = 'grey', numbers = FALSE, type = c("full","lower","upper"),
    
    These lines will be truncated in the PDF manual.
Flavors: r-devel-linux-x86_64-debian-clang, r-devel-linux-x86_64-debian-gcc, r-devel-linux-x86_64-fedora-clang, r-devel-linux-x86_64-fedora-gcc, r-patched-linux-x86_64, r-release-linux-x86_64