CRAN Package Check Results for Package egcm

Last updated on 2014-10-02 01:48:15.

Flavor Version Tinstall Tcheck Ttotal Status Flags
r-devel-linux-x86_64-debian-clang 1.0.2 2.06 31.94 34.00 NOTE
r-devel-linux-x86_64-debian-gcc 1.0.2 1.88 31.14 33.02 NOTE
r-devel-linux-x86_64-fedora-clang 1.0.2 71.91 NOTE
r-devel-linux-x86_64-fedora-gcc 1.0.2 67.28 NOTE
r-devel-osx-x86_64-clang 1.0.2 62.24 NOTE
r-devel-windows-ix86+x86_64 1.0.2 8.00 50.00 58.00 NOTE
r-patched-linux-x86_64 1.0.2 1.93 34.17 36.10 NOTE
r-patched-solaris-sparc 1.0.2 423.70 NOTE
r-patched-solaris-x86 1.0.2 95.10 NOTE
r-release-linux-ix86 1.0.2 2.64 43.88 46.52 OK
r-release-linux-x86_64 1.0.2 2.03 35.16 37.19 OK
r-release-osx-x86_64-mavericks 1.0.2 OK
r-release-osx-x86_64-snowleopard 1.0.2 OK
r-release-windows-ix86+x86_64 1.0.2 8.00 62.00 70.00 OK
r-oldrel-windows-ix86+x86_64 1.0.2 9.00 59.00 68.00 OK

Check Details

Version: 1.0.2
Check: dependencies in R code
Result: NOTE
    Package in Depends field not imported from: ‘grid’
     These packages need to be imported from (in the NAMESPACE file)
     for when this namespace is loaded but not attached.
    See the information on DESCRIPTION files in the chapter ‘Creating R
    packages’ of the ‘Writing R Extensions’ manual.
Flavors: r-devel-linux-x86_64-debian-clang, r-devel-linux-x86_64-debian-gcc, r-devel-linux-x86_64-fedora-clang, r-devel-linux-x86_64-fedora-gcc, r-devel-osx-x86_64-clang, r-devel-windows-ix86+x86_64, r-patched-linux-x86_64, r-patched-solaris-sparc, r-patched-solaris-x86

Version: 1.0.2
Check: R code for possible problems
Result: NOTE
    coint_bias_table : ssfunc: no visible global function definition for
     ‘mclapply’ (/tmp/RtmpJvp47H/R.INSTALL80b205f25ad/egcm/R/egcm.R:1227)
    egc.residuals.test: no visible global function definition for ‘ur.ers’
     (/tmp/RtmpJvp47H/R.INSTALL80b205f25ad/egcm/R/egcm.R:311)
    egc.residuals.test: no visible global function definition for ‘ur.ers’
     (/tmp/RtmpJvp47H/R.INSTALL80b205f25ad/egcm/R/egcm.R:317)
    egc.residuals.test: no visible global function definition for ‘ur.sp’
     (/tmp/RtmpJvp47H/R.INSTALL80b205f25ad/egcm/R/egcm.R:323)
    egc.residuals.test: no visible global function definition for
     ‘aggvarFit’ (/tmp/RtmpJvp47H/R.INSTALL80b205f25ad/egcm/R/egcm.R:334)
    egc_quantile_table: no visible global function definition for
     ‘mclapply’ (/tmp/RtmpJvp47H/R.INSTALL80b205f25ad/egcm/R/egcm.R:482)
    egc_test_power_table: no visible global function definition for
     ‘mclapply’ (/tmp/RtmpJvp47H/R.INSTALL80b205f25ad/egcm/R/egcm.R:383)
    egcm_power_comparison_table: no visible global function definition for
     ‘mclapply’ (/tmp/RtmpJvp47H/R.INSTALL80b205f25ad/egcm/R/egcm.R:405)
    plot.egcm.internal: no visible global function definition for
     ‘grid.newpage’
     (/tmp/RtmpJvp47H/R.INSTALL80b205f25ad/egcm/R/egcm.R:716)
    plot.egcm.internal: no visible global function definition for
     ‘pushViewport’
     (/tmp/RtmpJvp47H/R.INSTALL80b205f25ad/egcm/R/egcm.R:717)
    plot.egcm.internal: no visible global function definition for
     ‘viewport’ (/tmp/RtmpJvp47H/R.INSTALL80b205f25ad/egcm/R/egcm.R:717)
    plot.egcm.internal: no visible global function definition for
     ‘grid.layout’
     (/tmp/RtmpJvp47H/R.INSTALL80b205f25ad/egcm/R/egcm.R:717)
    plot.egcm.internal: no visible global function definition for
     ‘viewport’ (/tmp/RtmpJvp47H/R.INSTALL80b205f25ad/egcm/R/egcm.R:758)
    plot.egcm.internal: no visible global function definition for
     ‘viewport’ (/tmp/RtmpJvp47H/R.INSTALL80b205f25ad/egcm/R/egcm.R:774)
    plot.egcm.internal: no visible global function definition for
     ‘viewport’ (/tmp/RtmpJvp47H/R.INSTALL80b205f25ad/egcm/R/egcm.R:781)
    test.egcm: no visible global function definition for ‘ca.jo’
     (/tmp/RtmpJvp47H/R.INSTALL80b205f25ad/egcm/R/egcm.R:233)
    test.egcm: no visible global function definition for ‘ca.jo’
     (/tmp/RtmpJvp47H/R.INSTALL80b205f25ad/egcm/R/egcm.R:239)
    yegcm: no visible global function definition for ‘getYahooData’
     (/tmp/RtmpJvp47H/R.INSTALL80b205f25ad/egcm/R/egcm_extras.R:27)
    yegcm: no visible global function definition for ‘getYahooData’
     (/tmp/RtmpJvp47H/R.INSTALL80b205f25ad/egcm/R/egcm_extras.R:28)
Flavor: r-devel-linux-x86_64-debian-clang

Version: 1.0.2
Check: R code for possible problems
Result: NOTE
    coint_bias_table : ssfunc: no visible global function definition for
     ‘mclapply’ (/tmp/RtmpXl2U6Z/R.INSTALL41f34fefc131/egcm/R/egcm.R:1227)
    egc.residuals.test: no visible global function definition for ‘ur.ers’
     (/tmp/RtmpXl2U6Z/R.INSTALL41f34fefc131/egcm/R/egcm.R:311)
    egc.residuals.test: no visible global function definition for ‘ur.ers’
     (/tmp/RtmpXl2U6Z/R.INSTALL41f34fefc131/egcm/R/egcm.R:317)
    egc.residuals.test: no visible global function definition for ‘ur.sp’
     (/tmp/RtmpXl2U6Z/R.INSTALL41f34fefc131/egcm/R/egcm.R:323)
    egc.residuals.test: no visible global function definition for
     ‘aggvarFit’ (/tmp/RtmpXl2U6Z/R.INSTALL41f34fefc131/egcm/R/egcm.R:334)
    egc_quantile_table: no visible global function definition for
     ‘mclapply’ (/tmp/RtmpXl2U6Z/R.INSTALL41f34fefc131/egcm/R/egcm.R:482)
    egc_test_power_table: no visible global function definition for
     ‘mclapply’ (/tmp/RtmpXl2U6Z/R.INSTALL41f34fefc131/egcm/R/egcm.R:383)
    egcm_power_comparison_table: no visible global function definition for
     ‘mclapply’ (/tmp/RtmpXl2U6Z/R.INSTALL41f34fefc131/egcm/R/egcm.R:405)
    plot.egcm.internal: no visible global function definition for
     ‘grid.newpage’
     (/tmp/RtmpXl2U6Z/R.INSTALL41f34fefc131/egcm/R/egcm.R:716)
    plot.egcm.internal: no visible global function definition for
     ‘pushViewport’
     (/tmp/RtmpXl2U6Z/R.INSTALL41f34fefc131/egcm/R/egcm.R:717)
    plot.egcm.internal: no visible global function definition for
     ‘viewport’ (/tmp/RtmpXl2U6Z/R.INSTALL41f34fefc131/egcm/R/egcm.R:717)
    plot.egcm.internal: no visible global function definition for
     ‘grid.layout’
     (/tmp/RtmpXl2U6Z/R.INSTALL41f34fefc131/egcm/R/egcm.R:717)
    plot.egcm.internal: no visible global function definition for
     ‘viewport’ (/tmp/RtmpXl2U6Z/R.INSTALL41f34fefc131/egcm/R/egcm.R:758)
    plot.egcm.internal: no visible global function definition for
     ‘viewport’ (/tmp/RtmpXl2U6Z/R.INSTALL41f34fefc131/egcm/R/egcm.R:774)
    plot.egcm.internal: no visible global function definition for
     ‘viewport’ (/tmp/RtmpXl2U6Z/R.INSTALL41f34fefc131/egcm/R/egcm.R:781)
    test.egcm: no visible global function definition for ‘ca.jo’
     (/tmp/RtmpXl2U6Z/R.INSTALL41f34fefc131/egcm/R/egcm.R:233)
    test.egcm: no visible global function definition for ‘ca.jo’
     (/tmp/RtmpXl2U6Z/R.INSTALL41f34fefc131/egcm/R/egcm.R:239)
    yegcm: no visible global function definition for ‘getYahooData’
     (/tmp/RtmpXl2U6Z/R.INSTALL41f34fefc131/egcm/R/egcm_extras.R:27)
    yegcm: no visible global function definition for ‘getYahooData’
     (/tmp/RtmpXl2U6Z/R.INSTALL41f34fefc131/egcm/R/egcm_extras.R:28)
Flavor: r-devel-linux-x86_64-debian-gcc

Version: 1.0.2
Check: R code for possible problems
Result: NOTE
    coint_bias_table : ssfunc: no visible global function definition for
     ‘mclapply’
     (/data/gannet/ripley/R/packages/tests-clang/egcm/R/egcm.R:1227)
    egc.residuals.test: no visible global function definition for ‘ur.ers’
     (/data/gannet/ripley/R/packages/tests-clang/egcm/R/egcm.R:311)
    egc.residuals.test: no visible global function definition for ‘ur.ers’
     (/data/gannet/ripley/R/packages/tests-clang/egcm/R/egcm.R:317)
    egc.residuals.test: no visible global function definition for ‘ur.sp’
     (/data/gannet/ripley/R/packages/tests-clang/egcm/R/egcm.R:323)
    egc.residuals.test: no visible global function definition for
     ‘aggvarFit’
     (/data/gannet/ripley/R/packages/tests-clang/egcm/R/egcm.R:334)
    egc_quantile_table: no visible global function definition for
     ‘mclapply’
     (/data/gannet/ripley/R/packages/tests-clang/egcm/R/egcm.R:482)
    egc_test_power_table: no visible global function definition for
     ‘mclapply’
     (/data/gannet/ripley/R/packages/tests-clang/egcm/R/egcm.R:383)
    egcm_power_comparison_table: no visible global function definition for
     ‘mclapply’
     (/data/gannet/ripley/R/packages/tests-clang/egcm/R/egcm.R:405)
    plot.egcm.internal: no visible global function definition for
     ‘grid.newpage’
     (/data/gannet/ripley/R/packages/tests-clang/egcm/R/egcm.R:716)
    plot.egcm.internal: no visible global function definition for
     ‘pushViewport’
     (/data/gannet/ripley/R/packages/tests-clang/egcm/R/egcm.R:717)
    plot.egcm.internal: no visible global function definition for
     ‘viewport’
     (/data/gannet/ripley/R/packages/tests-clang/egcm/R/egcm.R:717)
    plot.egcm.internal: no visible global function definition for
     ‘grid.layout’
     (/data/gannet/ripley/R/packages/tests-clang/egcm/R/egcm.R:717)
    plot.egcm.internal: no visible global function definition for
     ‘viewport’
     (/data/gannet/ripley/R/packages/tests-clang/egcm/R/egcm.R:758)
    plot.egcm.internal: no visible global function definition for
     ‘viewport’
     (/data/gannet/ripley/R/packages/tests-clang/egcm/R/egcm.R:774)
    plot.egcm.internal: no visible global function definition for
     ‘viewport’
     (/data/gannet/ripley/R/packages/tests-clang/egcm/R/egcm.R:781)
    test.egcm: no visible global function definition for ‘ca.jo’
     (/data/gannet/ripley/R/packages/tests-clang/egcm/R/egcm.R:233)
    test.egcm: no visible global function definition for ‘ca.jo’
     (/data/gannet/ripley/R/packages/tests-clang/egcm/R/egcm.R:239)
    yegcm: no visible global function definition for ‘getYahooData’
     (/data/gannet/ripley/R/packages/tests-clang/egcm/R/egcm_extras.R:27)
    yegcm: no visible global function definition for ‘getYahooData’
     (/data/gannet/ripley/R/packages/tests-clang/egcm/R/egcm_extras.R:28)
Flavor: r-devel-linux-x86_64-fedora-clang

Version: 1.0.2
Check: R code for possible problems
Result: NOTE
    coint_bias_table : ssfunc: no visible global function definition for
     ‘mclapply’
     (/data/gannet/ripley/R/packages/tests-devel/egcm/R/egcm.R:1227)
    egc.residuals.test: no visible global function definition for ‘ur.ers’
     (/data/gannet/ripley/R/packages/tests-devel/egcm/R/egcm.R:311)
    egc.residuals.test: no visible global function definition for ‘ur.ers’
     (/data/gannet/ripley/R/packages/tests-devel/egcm/R/egcm.R:317)
    egc.residuals.test: no visible global function definition for ‘ur.sp’
     (/data/gannet/ripley/R/packages/tests-devel/egcm/R/egcm.R:323)
    egc.residuals.test: no visible global function definition for
     ‘aggvarFit’
     (/data/gannet/ripley/R/packages/tests-devel/egcm/R/egcm.R:334)
    egc_quantile_table: no visible global function definition for
     ‘mclapply’
     (/data/gannet/ripley/R/packages/tests-devel/egcm/R/egcm.R:482)
    egc_test_power_table: no visible global function definition for
     ‘mclapply’
     (/data/gannet/ripley/R/packages/tests-devel/egcm/R/egcm.R:383)
    egcm_power_comparison_table: no visible global function definition for
     ‘mclapply’
     (/data/gannet/ripley/R/packages/tests-devel/egcm/R/egcm.R:405)
    plot.egcm.internal: no visible global function definition for
     ‘grid.newpage’
     (/data/gannet/ripley/R/packages/tests-devel/egcm/R/egcm.R:716)
    plot.egcm.internal: no visible global function definition for
     ‘pushViewport’
     (/data/gannet/ripley/R/packages/tests-devel/egcm/R/egcm.R:717)
    plot.egcm.internal: no visible global function definition for
     ‘viewport’
     (/data/gannet/ripley/R/packages/tests-devel/egcm/R/egcm.R:717)
    plot.egcm.internal: no visible global function definition for
     ‘grid.layout’
     (/data/gannet/ripley/R/packages/tests-devel/egcm/R/egcm.R:717)
    plot.egcm.internal: no visible global function definition for
     ‘viewport’
     (/data/gannet/ripley/R/packages/tests-devel/egcm/R/egcm.R:758)
    plot.egcm.internal: no visible global function definition for
     ‘viewport’
     (/data/gannet/ripley/R/packages/tests-devel/egcm/R/egcm.R:774)
    plot.egcm.internal: no visible global function definition for
     ‘viewport’
     (/data/gannet/ripley/R/packages/tests-devel/egcm/R/egcm.R:781)
    test.egcm: no visible global function definition for ‘ca.jo’
     (/data/gannet/ripley/R/packages/tests-devel/egcm/R/egcm.R:233)
    test.egcm: no visible global function definition for ‘ca.jo’
     (/data/gannet/ripley/R/packages/tests-devel/egcm/R/egcm.R:239)
    yegcm: no visible global function definition for ‘getYahooData’
     (/data/gannet/ripley/R/packages/tests-devel/egcm/R/egcm_extras.R:27)
    yegcm: no visible global function definition for ‘getYahooData’
     (/data/gannet/ripley/R/packages/tests-devel/egcm/R/egcm_extras.R:28)
Flavor: r-devel-linux-x86_64-fedora-gcc

Version: 1.0.2
Check: R code for possible problems
Result: NOTE
    coint_bias_table : ssfunc: no visible global function definition for
     ‘mclapply’ (/Users/ripley/R/packages/tests-devel/egcm/R/egcm.R:1227)
    egc.residuals.test: no visible global function definition for ‘ur.ers’
     (/Users/ripley/R/packages/tests-devel/egcm/R/egcm.R:311)
    egc.residuals.test: no visible global function definition for ‘ur.ers’
     (/Users/ripley/R/packages/tests-devel/egcm/R/egcm.R:317)
    egc.residuals.test: no visible global function definition for ‘ur.sp’
     (/Users/ripley/R/packages/tests-devel/egcm/R/egcm.R:323)
    egc.residuals.test: no visible global function definition for
     ‘aggvarFit’ (/Users/ripley/R/packages/tests-devel/egcm/R/egcm.R:334)
    egc_quantile_table: no visible global function definition for
     ‘mclapply’ (/Users/ripley/R/packages/tests-devel/egcm/R/egcm.R:482)
    egc_test_power_table: no visible global function definition for
     ‘mclapply’ (/Users/ripley/R/packages/tests-devel/egcm/R/egcm.R:383)
    egcm_power_comparison_table: no visible global function definition for
     ‘mclapply’ (/Users/ripley/R/packages/tests-devel/egcm/R/egcm.R:405)
    plot.egcm.internal: no visible global function definition for
     ‘grid.newpage’
     (/Users/ripley/R/packages/tests-devel/egcm/R/egcm.R:716)
    plot.egcm.internal: no visible global function definition for
     ‘pushViewport’
     (/Users/ripley/R/packages/tests-devel/egcm/R/egcm.R:717)
    plot.egcm.internal: no visible global function definition for
     ‘viewport’ (/Users/ripley/R/packages/tests-devel/egcm/R/egcm.R:717)
    plot.egcm.internal: no visible global function definition for
     ‘grid.layout’
     (/Users/ripley/R/packages/tests-devel/egcm/R/egcm.R:717)
    plot.egcm.internal: no visible global function definition for
     ‘viewport’ (/Users/ripley/R/packages/tests-devel/egcm/R/egcm.R:758)
    plot.egcm.internal: no visible global function definition for
     ‘viewport’ (/Users/ripley/R/packages/tests-devel/egcm/R/egcm.R:774)
    plot.egcm.internal: no visible global function definition for
     ‘viewport’ (/Users/ripley/R/packages/tests-devel/egcm/R/egcm.R:781)
    test.egcm: no visible global function definition for ‘ca.jo’
     (/Users/ripley/R/packages/tests-devel/egcm/R/egcm.R:233)
    test.egcm: no visible global function definition for ‘ca.jo’
     (/Users/ripley/R/packages/tests-devel/egcm/R/egcm.R:239)
    yegcm: no visible global function definition for ‘getYahooData’
     (/Users/ripley/R/packages/tests-devel/egcm/R/egcm_extras.R:27)
    yegcm: no visible global function definition for ‘getYahooData’
     (/Users/ripley/R/packages/tests-devel/egcm/R/egcm_extras.R:28)
Flavor: r-devel-osx-x86_64-clang

Version: 1.0.2
Check: R code for possible problems
Result: NOTE
    coint_bias_table : ssfunc: no visible global function definition for
     'mclapply'
     (D:/temp/RtmpCA5cOp/R.INSTALL2d5c7d593fc3/egcm/R/egcm.R:1227)
    egc.residuals.test: no visible global function definition for 'ur.ers'
     (D:/temp/RtmpCA5cOp/R.INSTALL2d5c7d593fc3/egcm/R/egcm.R:311)
    egc.residuals.test: no visible global function definition for 'ur.ers'
     (D:/temp/RtmpCA5cOp/R.INSTALL2d5c7d593fc3/egcm/R/egcm.R:317)
    egc.residuals.test: no visible global function definition for 'ur.sp'
     (D:/temp/RtmpCA5cOp/R.INSTALL2d5c7d593fc3/egcm/R/egcm.R:323)
    egc.residuals.test: no visible global function definition for
     'aggvarFit'
     (D:/temp/RtmpCA5cOp/R.INSTALL2d5c7d593fc3/egcm/R/egcm.R:334)
    egc_quantile_table: no visible global function definition for
     'mclapply'
     (D:/temp/RtmpCA5cOp/R.INSTALL2d5c7d593fc3/egcm/R/egcm.R:482)
    egc_test_power_table: no visible global function definition for
     'mclapply'
     (D:/temp/RtmpCA5cOp/R.INSTALL2d5c7d593fc3/egcm/R/egcm.R:383)
    egcm_power_comparison_table: no visible global function definition for
     'mclapply'
     (D:/temp/RtmpCA5cOp/R.INSTALL2d5c7d593fc3/egcm/R/egcm.R:405)
    plot.egcm.internal: no visible global function definition for
     'grid.newpage'
     (D:/temp/RtmpCA5cOp/R.INSTALL2d5c7d593fc3/egcm/R/egcm.R:716)
    plot.egcm.internal: no visible global function definition for
     'pushViewport'
     (D:/temp/RtmpCA5cOp/R.INSTALL2d5c7d593fc3/egcm/R/egcm.R:717)
    plot.egcm.internal: no visible global function definition for
     'viewport'
     (D:/temp/RtmpCA5cOp/R.INSTALL2d5c7d593fc3/egcm/R/egcm.R:717)
    plot.egcm.internal: no visible global function definition for
     'grid.layout'
     (D:/temp/RtmpCA5cOp/R.INSTALL2d5c7d593fc3/egcm/R/egcm.R:717)
    plot.egcm.internal: no visible global function definition for
     'viewport'
     (D:/temp/RtmpCA5cOp/R.INSTALL2d5c7d593fc3/egcm/R/egcm.R:758)
    plot.egcm.internal: no visible global function definition for
     'viewport'
     (D:/temp/RtmpCA5cOp/R.INSTALL2d5c7d593fc3/egcm/R/egcm.R:774)
    plot.egcm.internal: no visible global function definition for
     'viewport'
     (D:/temp/RtmpCA5cOp/R.INSTALL2d5c7d593fc3/egcm/R/egcm.R:781)
    test.egcm: no visible global function definition for 'ca.jo'
     (D:/temp/RtmpCA5cOp/R.INSTALL2d5c7d593fc3/egcm/R/egcm.R:233)
    test.egcm: no visible global function definition for 'ca.jo'
     (D:/temp/RtmpCA5cOp/R.INSTALL2d5c7d593fc3/egcm/R/egcm.R:239)
    yegcm: no visible global function definition for 'getYahooData'
     (D:/temp/RtmpCA5cOp/R.INSTALL2d5c7d593fc3/egcm/R/egcm_extras.R:27)
    yegcm: no visible global function definition for 'getYahooData'
     (D:/temp/RtmpCA5cOp/R.INSTALL2d5c7d593fc3/egcm/R/egcm_extras.R:28)
Flavor: r-devel-windows-ix86+x86_64