CRAN Package Check Results for Package eegkit

Last updated on 2014-10-02 01:48:15.

Flavor Version Tinstall Tcheck Ttotal Status Flags
r-devel-linux-x86_64-debian-clang 1.0-0 0.89 21.54 22.43 OK
r-devel-linux-x86_64-debian-gcc 1.0-0 0.86 20.64 21.50 OK
r-devel-linux-x86_64-fedora-clang 1.0-0 43.42 OK
r-devel-linux-x86_64-fedora-gcc 1.0-0 41.22 OK
r-devel-osx-x86_64-clang 1.0-0 38.68 OK
r-devel-windows-ix86+x86_64 1.0-0 5.00 31.00 36.00 OK
r-patched-linux-x86_64 1.0-0 0.90 21.75 22.65 OK
r-patched-solaris-sparc 1.0-0 220.20 OK
r-patched-solaris-x86 1.0-0 63.60 OK
r-release-linux-ix86 1.0-0 1.37 31.11 32.48 OK
r-release-linux-x86_64 1.0-0 0.88 21.93 22.81 OK
r-release-osx-x86_64-mavericks 1.0-0 OK
r-release-osx-x86_64-snowleopard 1.0-0 ERROR
r-release-windows-ix86+x86_64 1.0-0 4.00 34.00 38.00 OK

Check Details

Version: 1.0-0
Check: examples
Result: ERROR
    Running examples in ‘eegkit-Ex.R’ failed
    The error most likely occurred in:
    
    > ### Name: eegcap
    > ### Title: Draws EEG cap with selected electrodes (3d or 2d)
    > ### Aliases: eegcap
    >
    > ### ** Examples
    >
    > ########## EXAMPLE 1 ##########
    >
    > # plot 10-10 system (default):
    >
    > # plot full cap 3d (default options)
    > eegcap()
    Wed Oct 1 07:57:36 hagal.research.att.com R[88848] <Error>: unknown error code: invalid pixel format
    Wed Oct 1 07:57:36 hagal.research.att.com R[88848] <Error>: kCGErrorFailure: Set a breakpoint @ CGErrorBreakpoint() to catch errors as they are logged.
    X Error of failed request: GLXBadContext
     Major opcode of failed request: 0 ()
     Serial number of failed request: 27
     Current serial number in output stream: 27
Flavor: r-release-osx-x86_64-snowleopard