Last updated on 2014-10-02 01:48:15.
Flavor | Version | Tinstall | Tcheck | Ttotal | Status | Flags |
---|---|---|---|---|---|---|
r-devel-linux-x86_64-debian-clang | 1.6-4 | 4.10 | 29.50 | 33.61 | OK | |
r-devel-linux-x86_64-debian-gcc | 1.6-4 | 3.91 | 28.43 | 32.34 | OK | |
r-devel-linux-x86_64-fedora-clang | 1.6-4 | 62.85 | OK | |||
r-devel-linux-x86_64-fedora-gcc | 1.6-4 | 60.44 | OK | |||
r-devel-osx-x86_64-clang | 1.6-4 | 60.16 | OK | |||
r-devel-windows-ix86+x86_64 | 1.6-4 | 17.00 | 63.00 | 80.00 | OK | |
r-patched-linux-x86_64 | 1.6-4 | 3.99 | 31.80 | 35.79 | OK | |
r-patched-solaris-sparc | 1.6-4 | 362.20 | OK | |||
r-patched-solaris-x86 | 1.6-4 | 91.40 | OK | |||
r-release-linux-ix86 | 1.6-4 | 5.62 | 42.89 | 48.52 | OK | |
r-release-linux-x86_64 | 1.6-4 | 3.94 | 32.02 | 35.96 | OK | |
r-release-osx-x86_64-mavericks | 1.6-4 | NOTE | ||||
r-release-osx-x86_64-snowleopard | 1.6-4 | OK | ||||
r-release-windows-ix86+x86_64 | 1.6-4 | 15.00 | 72.00 | 87.00 | OK | |
r-oldrel-windows-ix86+x86_64 | 1.6-4 | 16.00 | 67.00 | 83.00 | OK |
Memtest notes: UBSAN
Version: 1.6-4
Check: re-building of vignette outputs
Result: NOTE
Error in re-building vignettes:
...
Error in texi2dvi(file = file, pdf = TRUE, clean = clean, quiet = quiet, :
Running 'texi2dvi' on 'svminternals.tex' failed.
LaTeX errors:
! LaTeX Error: File `a4wide.sty' not found.
Type X to quit or <RETURN> to proceed,
or enter new name. (Default extension: sty)
est/e1071/vignettes/svminternals.tex:3: ==> Fatal error occurred, no output PD
F file produced!
Calls: buildVignettes -> texi2pdf -> texi2dvi
Execution halted
Flavor: r-release-osx-x86_64-mavericks