Last updated on 2014-10-02 01:48:14.
Flavor | Version | Tinstall | Tcheck | Ttotal | Status | Flags |
---|---|---|---|---|---|---|
r-devel-linux-x86_64-debian-clang | 2011.11-2 | 0.87 | 12.27 | 13.14 | NOTE | |
r-devel-linux-x86_64-debian-gcc | 2011.11-2 | 0.72 | 11.61 | 12.33 | NOTE | |
r-devel-linux-x86_64-fedora-clang | 2011.11-2 | 25.09 | NOTE | |||
r-devel-linux-x86_64-fedora-gcc | 2011.11-2 | 25.06 | NOTE | |||
r-devel-osx-x86_64-clang | 2011.11-2 | 30.14 | NOTE | |||
r-devel-windows-ix86+x86_64 | 2011.11-2 | 3.00 | 21.00 | 24.00 | NOTE | |
r-patched-linux-x86_64 | 2011.11-2 | 0.78 | 12.22 | 13.00 | NOTE | |
r-patched-solaris-sparc | 2011.11-2 | 146.90 | NOTE | |||
r-patched-solaris-x86 | 2011.11-2 | 36.50 | NOTE | |||
r-release-linux-ix86 | 2011.11-2 | 1.11 | 18.98 | 20.09 | NOTE | |
r-release-linux-x86_64 | 2011.11-2 | 0.76 | 12.12 | 12.88 | NOTE | |
r-release-osx-x86_64-mavericks | 2011.11-2 | NOTE | ||||
r-release-osx-x86_64-snowleopard | 2011.11-2 | OK | ||||
r-release-windows-ix86+x86_64 | 2011.11-2 | 3.00 | 22.00 | 25.00 | NOTE | |
r-oldrel-windows-ix86+x86_64 | 2011.11-2 | 4.00 | 24.00 | 28.00 | NOTE |
Version: 2011.11-2
Check: dependencies in R code
Result: NOTE
Package in Depends field not imported from: ‘dse’
These packages need to be imported from (in the NAMESPACE file)
for when this namespace is loaded but not attached.
See the information on DESCRIPTION files in the chapter ‘Creating R
packages’ of the ‘Writing R Extensions’ manual.
Flavors: r-devel-linux-x86_64-debian-clang, r-devel-linux-x86_64-debian-gcc, r-devel-linux-x86_64-fedora-clang, r-devel-linux-x86_64-fedora-gcc, r-devel-osx-x86_64-clang, r-devel-windows-ix86+x86_64, r-patched-linux-x86_64, r-patched-solaris-sparc, r-patched-solaris-x86, r-release-linux-ix86, r-release-linux-x86_64, r-release-osx-x86_64-mavericks, r-release-windows-ix86+x86_64, r-oldrel-windows-ix86+x86_64