Last updated on 2014-10-02 01:48:14.
Flavor | Version | Tinstall | Tcheck | Ttotal | Status | Flags |
---|---|---|---|---|---|---|
r-devel-linux-x86_64-debian-clang | 0.1.2-1 | 8.36 | 95.94 | 104.30 | NOTE | |
r-devel-linux-x86_64-debian-gcc | 0.1.2-1 | 8.65 | 92.25 | 100.90 | NOTE | |
r-devel-linux-x86_64-fedora-clang | 0.1.2-1 | 240.42 | NOTE | |||
r-devel-linux-x86_64-fedora-gcc | 0.1.2-1 | 229.10 | NOTE | |||
r-devel-osx-x86_64-clang | 0.1.2-1 | 176.61 | NOTE | |||
r-devel-windows-ix86+x86_64 | 0.1.2-1 | 24.00 | 141.00 | 165.00 | NOTE | |
r-patched-linux-x86_64 | 0.1.2-1 | 9.80 | 99.59 | 109.39 | OK | |
r-patched-solaris-sparc | 0.1.2-1 | 1277.30 | OK | |||
r-patched-solaris-x86 | 0.1.2-1 | 296.80 | OK | |||
r-release-linux-ix86 | 0.1.2-1 | 10.47 | 121.34 | 131.80 | OK | |
r-release-linux-x86_64 | 0.1.2-1 | 8.88 | 102.94 | 111.82 | OK | |
r-release-osx-x86_64-mavericks | 0.1.2-1 | OK | ||||
r-release-osx-x86_64-snowleopard | 0.1.2-1 | OK | ||||
r-release-windows-ix86+x86_64 | 0.1.2-1 | 25.00 | 153.00 | 178.00 | OK | |
r-oldrel-windows-ix86+x86_64 | 0.1.2-1 | 27.00 | 146.00 | 173.00 | OK |
Version: 0.1.2-1
Check: R code for possible problems
Result: NOTE
fit_adpcr: no visible binding for global variable ‘l5’
limit_cq: no visible binding for global variable ‘l5’
qpcr_analyser: no visible binding for global variable ‘l5’
qpcr_analyser,adpcr: no visible binding for global variable ‘l5’
qpcr_analyser,data.frame: no visible binding for global variable ‘l5’
qpcr_analyser,modlist: no visible binding for global variable ‘l5’
Flavors: r-devel-linux-x86_64-debian-clang, r-devel-linux-x86_64-debian-gcc, r-devel-linux-x86_64-fedora-clang, r-devel-linux-x86_64-fedora-gcc, r-devel-osx-x86_64-clang, r-devel-windows-ix86+x86_64