Last updated on 2014-10-02 01:48:14.
Flavor | Version | Tinstall | Tcheck | Ttotal | Status | Flags |
---|---|---|---|---|---|---|
r-devel-linux-x86_64-debian-clang | 1.0.6 | 5.80 | 92.48 | 98.28 | OK | |
r-devel-linux-x86_64-debian-gcc | 1.0.6 | 6.55 | 92.36 | 98.91 | OK | |
r-devel-linux-x86_64-fedora-clang | 1.0.6 | 221.90 | OK | |||
r-devel-linux-x86_64-fedora-gcc | 1.0.6 | 221.15 | OK | |||
r-devel-osx-x86_64-clang | 1.0.6 | 176.10 | OK | |||
r-devel-windows-ix86+x86_64 | 1.0.6 | 14.00 | 117.00 | 131.00 | NOTE | |
r-patched-linux-x86_64 | 1.0.6 | 6.62 | 95.44 | 102.06 | OK | |
r-patched-solaris-sparc | 1.0.6 | 1110.20 | OK | |||
r-patched-solaris-x86 | 1.0.6 | 288.90 | OK | |||
r-release-linux-ix86 | 1.0.6 | 7.20 | 116.38 | 123.58 | OK | |
r-release-linux-x86_64 | 1.0.6 | 6.05 | 101.39 | 107.44 | OK | |
r-release-osx-x86_64-mavericks | 1.0.6 | OK | ||||
r-release-osx-x86_64-snowleopard | 1.0.6 | NOTE | ||||
r-release-windows-ix86+x86_64 | 1.0.6 | 16.00 | 130.00 | 146.00 | NOTE | |
r-oldrel-windows-ix86+x86_64 | 1.0.0 | 14.00 | 106.00 | 120.00 | ERROR |
Version: 1.0.6
Check: package dependencies
Result: NOTE
Package suggested but not available for checking: 'doMC'
Flavors: r-devel-windows-ix86+x86_64, r-release-windows-ix86+x86_64
Version: 1.0.6
Check: R code for possible problems
Result: NOTE
visNetCircle: no visible global function definition for ‘visColoralpha’
Flavor: r-release-osx-x86_64-snowleopard
Version: 1.0.0
Check: examples
Result: ERROR
Running examples in 'dnet-Ex.R' failed
The error most likely occurred in:
> ### Name: visHeatmap
> ### Title: Function to visualise input data matrix using heatmap
> ### Aliases: visHeatmap
>
> ### ** Examples
>
> # 1) generate data with an iid matrix of 100 x 9
> data <- cbind(matrix(rnorm(100*3,mean=0,sd=1), nrow=100, ncol=3),
+ matrix(rnorm(100*3,mean=0.5,sd=1), nrow=100, ncol=3),
+ matrix(rnorm(100*3,mean=-0.5,sd=1), nrow=100, ncol=3))
> colnames(data) <- c("S1","S1","S1","S2","S2","S2","S3","S3","S3")
>
> # 2) prepare colors for the column sidebar
> lvs <- unique(colnames(data))
> lvs_color <- visColormap(colormap="rainbow")(length(lvs))
> my_ColSideColors <- sapply(colnames(data), function(x)
+ lvs_color[x==lvs])
>
> # 3) heatmap with row dendrogram (with 10 color-coded groups)
> visHeatmap(data, row.metric="euclidean", row.method="average",
+ colormap="gbr", zlim=c(-2,2),
+ ColSideColors=my_ColSideColors, row.cutree=10, row.colormap="jet",
+ labRow=NA)
Error in par(op) : invalid value specified for graphical parameter "fig"
Calls: visHeatmap -> heatmap -> par
Execution halted
Flavor: r-oldrel-windows-ix86+x86_64