Last updated on 2014-10-02 01:48:14.
Flavor | Version | Tinstall | Tcheck | Ttotal | Status | Flags |
---|---|---|---|---|---|---|
r-devel-linux-x86_64-debian-clang | 1.1-1 | 2.78 | 17.56 | 20.34 | NOTE | |
r-devel-linux-x86_64-debian-gcc | 1.1-1 | 2.86 | 17.32 | 20.18 | NOTE | |
r-devel-linux-x86_64-fedora-clang | 1.1-1 | 42.71 | NOTE | |||
r-devel-linux-x86_64-fedora-gcc | 1.1-1 | 41.04 | NOTE | |||
r-devel-osx-x86_64-clang | 1.1-1 | 41.72 | NOTE | |||
r-devel-windows-ix86+x86_64 | 1.1-1 | 22.00 | 33.00 | 55.00 | NOTE | |
r-patched-linux-x86_64 | 1.1-1 | 2.84 | 18.27 | 21.11 | OK | |
r-patched-solaris-sparc | 1.1-1 | 270.50 | OK | |||
r-patched-solaris-x86 | 1.1-1 | 58.50 | OK | |||
r-release-linux-ix86 | 1.1-1 | 4.08 | 25.78 | 29.85 | OK | |
r-release-linux-x86_64 | 1.1-1 | 2.86 | 18.27 | 21.12 | OK | |
r-release-osx-x86_64-mavericks | 1.1-1 | OK | ||||
r-release-osx-x86_64-snowleopard | 1.1-1 | OK | ||||
r-release-windows-ix86+x86_64 | 1.1-1 | 22.00 | 35.00 | 57.00 | OK | |
r-oldrel-windows-ix86+x86_64 | 1.1-1 | 24.00 | 33.00 | 57.00 | OK |
Version: 1.1-1
Check: R code for possible problems
Result: NOTE
network.modules: no visible global function definition for
‘graph.empty’
network.modules: no visible global function definition for
‘add.vertices’
network.modules: no visible global function definition for ‘add.edges’
network.modules: no visible global function definition for ‘tkplot’
network.modules: no visible global function definition for ‘V’
Flavors: r-devel-linux-x86_64-debian-clang, r-devel-linux-x86_64-debian-gcc, r-devel-linux-x86_64-fedora-clang, r-devel-linux-x86_64-fedora-gcc, r-devel-osx-x86_64-clang, r-devel-windows-ix86+x86_64