CRAN Package Check Results for Package distrom

Last updated on 2014-10-02 01:48:14.

Flavor Version Tinstall Tcheck Ttotal Status Flags
r-devel-linux-x86_64-debian-clang 0.3-1 3.18 36.57 39.75 OK
r-devel-linux-x86_64-debian-gcc 0.2 3.14 40.58 43.72 NOTE
r-devel-linux-x86_64-fedora-clang 0.3-1 49.42 OK
r-devel-linux-x86_64-fedora-gcc 0.3-1 101.55 OK
r-devel-osx-x86_64-clang 0.3-1 56.95 OK
r-devel-windows-ix86+x86_64 0.3-1 6.00 55.00 61.00 OK
r-patched-linux-x86_64 0.2 3.61 43.85 47.46 NOTE
r-patched-solaris-sparc 0.3-1 484.20 OK
r-patched-solaris-x86 0.3-1 99.30 OK --no-examples
r-release-linux-ix86 0.2 4.05 54.51 58.56 OK
r-release-linux-x86_64 0.2 4.50 46.45 50.94 OK
r-release-osx-x86_64-mavericks 0.2 OK
r-release-osx-x86_64-snowleopard 0.2 OK
r-release-windows-ix86+x86_64 0.3-1 7.00 61.00 68.00 OK
r-oldrel-windows-ix86+x86_64 0.2 9.00 59.00 68.00 OK

Check Details

Version: 0.2
Check: dependencies in R code
Result: NOTE
    Package in Depends field not imported from: ‘parallel’
     These packages need to be imported from (in the NAMESPACE file)
     for when this namespace is loaded but not attached.
    See the information on DESCRIPTION files in the chapter ‘Creating R
    packages’ of the ‘Writing R Extensions’ manual.
Flavors: r-devel-linux-x86_64-debian-gcc, r-patched-linux-x86_64

Version: 0.2
Check: R code for possible problems
Result: NOTE
    cv.dmr: no visible global function definition for ‘parSapply’
    dmr: no visible global function definition for ‘parLapply’
Flavor: r-devel-linux-x86_64-debian-gcc