Last updated on 2014-10-02 01:48:14.
Flavor | Version | Tinstall | Tcheck | Ttotal | Status | Flags |
---|---|---|---|---|---|---|
r-devel-linux-x86_64-debian-clang | 2.5 | 9.10 | 35.47 | 44.58 | OK | |
r-devel-linux-x86_64-debian-gcc | 2.5 | 9.16 | 35.21 | 44.37 | OK | |
r-devel-linux-x86_64-fedora-clang | 2.5 | 104.65 | OK | |||
r-devel-linux-x86_64-fedora-gcc | 2.5 | 107.91 | OK | |||
r-devel-osx-x86_64-clang | 2.5 | 79.65 | OK | |||
r-devel-windows-ix86+x86_64 | 2.5 | 16.00 | 54.00 | 70.00 | OK | |
r-patched-linux-x86_64 | 2.5 | 10.10 | 37.07 | 47.17 | OK | |
r-patched-solaris-sparc | 2.5 | 585.80 | OK | |||
r-patched-solaris-x86 | 2.5 | 145.20 | OK | |||
r-release-linux-ix86 | 2.5 | 11.89 | 46.88 | 58.77 | OK | |
r-release-linux-x86_64 | 2.5 | 10.20 | 37.98 | 48.19 | OK | |
r-release-osx-x86_64-mavericks | 2.5 | OK | ||||
r-release-osx-x86_64-snowleopard | 2.5 | WARN | ||||
r-release-windows-ix86+x86_64 | 2.5 | 19.00 | 56.00 | 75.00 | OK | |
r-oldrel-windows-ix86+x86_64 | 2.5 | 21.00 | 55.00 | 76.00 | OK |
Version: 2.5
Check: examples
Result: WARN
checking a package with encoding 'latin1' in an ASCII locale
OK
Flavor: r-release-osx-x86_64-snowleopard