Last updated on 2014-10-02 01:48:14.
Flavor | Version | Tinstall | Tcheck | Ttotal | Status | Flags |
---|---|---|---|---|---|---|
r-devel-linux-x86_64-debian-clang | 2.5 | 5.02 | 49.96 | 54.98 | NOTE | |
r-devel-linux-x86_64-debian-gcc | 2.5 | 4.74 | 49.22 | 53.96 | NOTE | |
r-devel-linux-x86_64-fedora-clang | 2.5 | 129.18 | NOTE | |||
r-devel-linux-x86_64-fedora-gcc | 2.5 | 129.32 | NOTE | |||
r-devel-osx-x86_64-clang | 2.5 | 97.67 | NOTE | |||
r-devel-windows-ix86+x86_64 | 2.5 | 17.00 | 69.00 | 86.00 | NOTE | |
r-patched-linux-x86_64 | 2.5 | 5.03 | 53.92 | 58.96 | OK | |
r-patched-solaris-sparc | 2.5 | 730.80 | OK | |||
r-patched-solaris-x86 | 2.5 | 171.90 | OK | |||
r-release-linux-ix86 | 2.5 | 6.22 | 65.80 | 72.03 | OK | |
r-release-linux-x86_64 | 2.5 | 5.21 | 56.94 | 62.15 | OK | |
r-release-osx-x86_64-mavericks | 2.5 | OK | ||||
r-release-osx-x86_64-snowleopard | 2.5 | WARN | ||||
r-release-windows-ix86+x86_64 | 2.5 | 12.00 | 80.00 | 92.00 | OK | |
r-oldrel-windows-ix86+x86_64 | 2.5 | 14.00 | 75.00 | 89.00 | OK |
Version: 2.5
Check: R code for possible problems
Result: NOTE
.onAttach: no visible global function definition for
‘buildStartupMessage’
Flavors: r-devel-linux-x86_64-debian-clang, r-devel-linux-x86_64-debian-gcc, r-devel-linux-x86_64-fedora-clang, r-devel-linux-x86_64-fedora-gcc, r-devel-osx-x86_64-clang, r-devel-windows-ix86+x86_64
Version: 2.5
Check: examples
Result: WARN
checking a package with encoding 'latin1' in an ASCII locale
OK
Flavor: r-release-osx-x86_64-snowleopard