Last updated on 2014-10-02 01:48:14.
Flavor | Version | Tinstall | Tcheck | Ttotal | Status | Flags |
---|---|---|---|---|---|---|
r-devel-linux-x86_64-debian-clang | 2.5 | 12.79 | 48.58 | 61.36 | NOTE | |
r-devel-linux-x86_64-debian-gcc | 2.5 | 12.52 | 47.54 | 60.06 | NOTE | |
r-devel-linux-x86_64-fedora-clang | 2.5 | 141.04 | NOTE | |||
r-devel-linux-x86_64-fedora-gcc | 2.5 | 137.04 | NOTE | |||
r-devel-osx-x86_64-clang | 2.5 | 105.94 | NOTE | |||
r-devel-windows-ix86+x86_64 | 2.5 | 25.00 | 88.00 | 113.00 | NOTE | |
r-patched-linux-x86_64 | 2.5 | 19.84 | 49.96 | 69.80 | OK | |
r-patched-solaris-sparc | 2.5 | 809.90 | OK | |||
r-patched-solaris-x86 | 2.5 | 179.50 | OK | |||
r-release-linux-ix86 | 2.5 | 16.88 | 65.22 | 82.09 | OK | |
r-release-linux-x86_64 | 2.5 | 16.32 | 51.78 | 68.10 | OK | |
r-release-osx-x86_64-mavericks | 2.5 | OK | ||||
r-release-windows-ix86+x86_64 | 2.5 | 30.00 | 92.00 | 122.00 | OK | |
r-oldrel-windows-ix86+x86_64 | 2.5 | 28.00 | 96.00 | 124.00 | OK |
Version: 2.5
Check: R code for possible problems
Result: NOTE
.onAttach: no visible global function definition for
‘buildStartupMessage’
distrExMASK: no visible global function definition for ‘infoShow’
distrExMOVED: no visible global function definition for ‘infoShow’
Flavors: r-devel-linux-x86_64-debian-clang, r-devel-linux-x86_64-debian-gcc, r-devel-linux-x86_64-fedora-clang, r-devel-linux-x86_64-fedora-gcc, r-devel-osx-x86_64-clang, r-devel-windows-ix86+x86_64