CRAN Package Check Results for Package directPA

Last updated on 2014-10-02 01:48:14.

Flavor Version Tinstall Tcheck Ttotal Status Flags
r-devel-linux-x86_64-debian-clang 1.0 0.59 10.31 10.90 NOTE
r-devel-linux-x86_64-debian-gcc 1.0 0.58 10.14 10.71 NOTE
r-devel-linux-x86_64-fedora-clang 1.0 22.40 NOTE
r-devel-linux-x86_64-fedora-gcc 1.0 21.01 NOTE
r-devel-osx-x86_64-clang 1.0 23.23 NOTE
r-devel-windows-ix86+x86_64 1.0 3.00 16.00 19.00 NOTE
r-patched-linux-x86_64 1.0 0.77 10.50 11.27 OK
r-patched-solaris-sparc 1.0 117.10 OK
r-patched-solaris-x86 1.0 31.70 OK
r-release-linux-ix86 1.0 0.86 16.37 17.23 OK
r-release-linux-x86_64 1.0 0.60 10.75 11.34 OK
r-release-osx-x86_64-mavericks 1.0 OK
r-release-windows-ix86+x86_64 1.0 2.00 17.00 19.00 OK
r-oldrel-windows-ix86+x86_64 1.0 2.00 17.00 19.00 OK

Check Details

Version: 1.0
Check: R code for possible problems
Result: NOTE
    directPA: no visible global function definition for ‘plot3d’
    directPA: no visible global function definition for ‘abclines3d’
Flavors: r-devel-linux-x86_64-debian-clang, r-devel-linux-x86_64-debian-gcc, r-devel-linux-x86_64-fedora-clang, r-devel-linux-x86_64-fedora-gcc, r-devel-osx-x86_64-clang, r-devel-windows-ix86+x86_64