Last updated on 2014-10-02 01:48:14.
Flavor | Version | Tinstall | Tcheck | Ttotal | Status | Flags |
---|---|---|---|---|---|---|
r-devel-linux-x86_64-debian-clang | 4.5 | 5.52 | 71.92 | 77.43 | OK | |
r-devel-linux-x86_64-debian-gcc | 4.5 | 5.52 | 68.64 | 74.16 | OK | |
r-devel-linux-x86_64-fedora-clang | 4.5 | 181.81 | OK | |||
r-devel-linux-x86_64-fedora-gcc | 4.5 | 177.49 | OK | |||
r-devel-osx-x86_64-clang | 4.5 | 133.56 | OK | |||
r-devel-windows-ix86+x86_64 | 4.5 | 16.00 | 97.00 | 113.00 | OK | |
r-patched-linux-x86_64 | 4.5 | 5.60 | 75.51 | 81.11 | OK | |
r-patched-solaris-sparc | 4.5 | 991.90 | OK | |||
r-patched-solaris-x86 | 4.5 | 229.00 | OK | |||
r-release-linux-ix86 | 4.5 | 6.72 | 87.97 | 94.69 | OK | |
r-release-linux-x86_64 | 4.5 | 5.75 | 75.26 | 81.01 | OK | |
r-release-osx-x86_64-mavericks | 4.5 | OK | ||||
r-release-osx-x86_64-snowleopard | 4.5 | ERROR | ||||
r-release-windows-ix86+x86_64 | 4.5 | 19.00 | 108.00 | 127.00 | OK | |
r-oldrel-windows-ix86+x86_64 | 4.5 | 16.00 | 104.00 | 120.00 | OK |
Version: 4.5
Check: whether package can be installed
Result: ERROR
Installation failed.
Flavor: r-release-osx-x86_64-snowleopard