CRAN Package Check Results for Package dgmb

Last updated on 2014-10-02 01:48:14.

Flavor Version Tinstall Tcheck Ttotal Status Flags
r-devel-linux-x86_64-debian-clang 1.1 0.97 12.99 13.96 NOTE
r-devel-linux-x86_64-debian-gcc 1.1 0.83 13.01 13.84 NOTE
r-devel-linux-x86_64-fedora-clang 1.1 26.53 NOTE
r-devel-linux-x86_64-fedora-gcc 1.1 25.64 NOTE
r-devel-osx-x86_64-clang 1.1 32.57 NOTE
r-devel-windows-ix86+x86_64 1.1 4.00 21.00 25.00 NOTE
r-patched-linux-x86_64 1.1 0.87 13.23 14.10 NOTE
r-patched-solaris-sparc 1.1 167.80 NOTE
r-patched-solaris-x86 1.1 44.40 NOTE
r-release-linux-ix86 1.1 1.25 20.22 21.46 OK
r-release-linux-x86_64 1.1 0.87 14.19 15.06 OK
r-release-osx-x86_64-mavericks 1.1 OK
r-release-osx-x86_64-snowleopard 1.1 OK
r-release-windows-ix86+x86_64 1.1 3.00 22.00 25.00 OK
r-oldrel-windows-ix86+x86_64 1.1 5.00 22.00 27.00 OK

Check Details

Version: 1.1
Check: dependencies in R code
Result: NOTE
    Package in Depends field not imported from: ‘tcltk’
     These packages need to be imported from (in the NAMESPACE file)
     for when this namespace is loaded but not attached.
    See the information on DESCRIPTION files in the chapter ‘Creating R
    packages’ of the ‘Writing R Extensions’ manual.
Flavors: r-devel-linux-x86_64-debian-clang, r-devel-linux-x86_64-debian-gcc, r-devel-linux-x86_64-fedora-clang, r-devel-linux-x86_64-fedora-gcc, r-devel-osx-x86_64-clang, r-devel-windows-ix86+x86_64, r-patched-linux-x86_64, r-patched-solaris-sparc, r-patched-solaris-x86

Version: 1.1
Check: R code for possible problems
Result: NOTE
    ToProcess: no visible global function definition for ‘tclvalue’
    ToProcess: no visible global function definition for ‘tkgetSaveFile’
    ToProcess: no visible global function definition for ‘tkmessageBox’
    ViewParameters: no visible global function definition for ‘tclvalue’
    ViewParameters: no visible global function definition for ‘tcl’
    ViewParameters: no visible global function definition for
     ‘tkmessageBox’
    dgmbGui: no visible global function definition for ‘tclRequire’
    dgmbGui: no visible global function definition for ‘tktoplevel’
    dgmbGui: no visible global function definition for ‘tkwm.geometry’
    dgmbGui: no visible global function definition for ‘tkwm.resizable’
    dgmbGui: no visible global function definition for ‘tktitle<-’
    dgmbGui: no visible global function definition for ‘tkmenu’
    dgmbGui: no visible global function definition for ‘tkconfigure’
    dgmbGui: no visible global function definition for ‘tkadd’
    dgmbGui : <anonymous>: no visible global function definition for
     ‘tkdestroy’
    dgmbGui : <anonymous>: no visible global function definition for
     ‘tkmessageBox’
    dgmbGui: no visible global function definition for ‘tclVar’
    dgmbGui: no visible global function definition for ‘tkentry’
    dgmbGui: no visible global function definition for ‘tkgrid’
    dgmbGui: no visible global function definition for ‘tklabel’
    dgmbGui: no visible global function definition for ‘tkwidget’
    dgmbGui: no visible global function definition for ‘tklistbox’
    dgmbGui: no visible global function definition for ‘tkinsert’
    dgmbGui: no visible global function definition for ‘tkselection.set’
    dgmbGui: no visible global function definition for ‘tkradiobutton’
    dgmbGui: no visible global function definition for ‘tclArray’
    dgmbGui: no visible global function definition for ‘tkbutton’
    dgmbGui: no visible global function definition for ‘tkfocus’
    dgmbGui : <anonymous>: no visible global function definition for
     ‘tclvalue’
    dgmbGui : <anonymous>: no visible global function definition for ‘tcl’
    dgmbGui: no visible global function definition for ‘tkpack.propagate’
Flavors: r-devel-linux-x86_64-debian-clang, r-devel-linux-x86_64-debian-gcc, r-devel-linux-x86_64-fedora-clang, r-devel-linux-x86_64-fedora-gcc, r-devel-osx-x86_64-clang, r-devel-windows-ix86+x86_64