CRAN Package Check Results for Package depth

Last updated on 2014-10-02 01:48:14.

Flavor Version Tinstall Tcheck Ttotal Status Flags
r-devel-linux-x86_64-debian-clang 2.0-0 4.62 35.69 40.31 NOTE
r-devel-linux-x86_64-debian-gcc 2.0-0 4.54 33.72 38.26 NOTE
r-devel-linux-x86_64-fedora-clang 2.0-0 73.82 NOTE
r-devel-linux-x86_64-fedora-gcc 2.0-0 70.40 NOTE
r-devel-osx-x86_64-clang 2.0-0 62.41 NOTE
r-devel-windows-ix86+x86_64 2.0-0 12.00 75.00 87.00 NOTE
r-patched-linux-x86_64 2.0-0 4.69 36.04 40.73 NOTE
r-patched-solaris-sparc 2.0-0 477.00 NOTE
r-patched-solaris-x86 2.0-0 101.30 NOTE
r-release-linux-ix86 2.0-0 6.74 48.33 55.07 NOTE
r-release-linux-x86_64 2.0-0 4.61 35.07 39.68 NOTE
r-release-osx-x86_64-mavericks 2.0-0 NOTE
r-release-windows-ix86+x86_64 2.0-0 13.00 78.00 91.00 NOTE
r-oldrel-windows-ix86+x86_64 2.0-0 14.00 80.00 94.00 NOTE

Memtest notes: valgrind

Check Details

Version: 2.0-0
Check: dependencies in R code
Result: NOTE
    'library' or 'require' call to ‘rgl’ which was already attached by Depends.
     Please remove these calls from your code.
    Package in Depends field not imported from: ‘abind’
     These packages need to be imported from (in the NAMESPACE file)
     for when this namespace is loaded but not attached.
    See the information on DESCRIPTION files in the chapter ‘Creating R
    packages’ of the ‘Writing R Extensions’ manual.
Flavors: r-devel-linux-x86_64-debian-clang, r-devel-linux-x86_64-debian-gcc, r-devel-linux-x86_64-fedora-clang, r-devel-linux-x86_64-fedora-gcc, r-devel-osx-x86_64-clang, r-devel-windows-ix86+x86_64, r-patched-linux-x86_64, r-patched-solaris-sparc, r-patched-solaris-x86, r-release-linux-ix86, r-release-linux-x86_64, r-release-osx-x86_64-mavericks, r-release-windows-ix86+x86_64, r-oldrel-windows-ix86+x86_64

Version: 2.0-0
Check: R code for possible problems
Result: NOTE
    sphericaldevide: no visible global function definition for ‘abind’
Flavors: r-devel-linux-x86_64-debian-clang, r-devel-linux-x86_64-debian-gcc, r-devel-linux-x86_64-fedora-clang, r-devel-linux-x86_64-fedora-gcc, r-devel-osx-x86_64-clang, r-devel-windows-ix86+x86_64