Last updated on 2014-10-02 01:48:14.
Flavor | Version | Tinstall | Tcheck | Ttotal | Status | Flags |
---|---|---|---|---|---|---|
r-devel-linux-x86_64-debian-clang | 1.3-5 | 1.15 | 26.32 | 27.48 | OK | |
r-devel-linux-x86_64-debian-gcc | 1.3-4 | 1.16 | 26.45 | 27.61 | NOTE | |
r-devel-linux-x86_64-fedora-clang | 1.3-5 | 33.76 | OK | |||
r-devel-linux-x86_64-fedora-gcc | 1.3-5 | 33.45 | OK | |||
r-devel-osx-x86_64-clang | 1.3-5 | 34.42 | OK | |||
r-devel-windows-ix86+x86_64 | 1.3-5 | 4.00 | 32.00 | 36.00 | OK | |
r-patched-linux-x86_64 | 1.3-4 | 1.51 | 26.50 | 28.01 | NOTE | |
r-patched-solaris-sparc | 1.3-5 | 210.50 | OK | |||
r-patched-solaris-x86 | 1.3-5 | 47.20 | OK | |||
r-release-linux-ix86 | 1.3-4 | 1.63 | 26.78 | 28.41 | NOTE | |
r-release-linux-x86_64 | 1.3-4 | 1.22 | 26.96 | 28.19 | NOTE | |
r-release-osx-x86_64-mavericks | 1.3-4 | NOTE | ||||
r-release-osx-x86_64-snowleopard | 1.3-4 | NOTE | ||||
r-release-windows-ix86+x86_64 | 1.3-5 | 5.00 | 37.00 | 42.00 | OK | |
r-oldrel-windows-ix86+x86_64 | 1.3-4 | 5.00 | 35.00 | 40.00 | NOTE |
Version: 1.3-4
Check: top-level files
Result: NOTE
Non-standard file/directory found at top level:
‘REFERENCES.bib’
Flavors: r-devel-linux-x86_64-debian-gcc, r-patched-linux-x86_64, r-release-linux-x86_64
Version: 1.3-4
Check: dependencies in R code
Result: NOTE
Unexported objects imported by ':::' calls:
‘editrules:::eliminate.editarray’ ‘editrules:::getArr’
‘editrules:::getInd’ ‘editrules:::reduce.editarray’
‘editrules:::reduce.editmatrix’ ‘editrules:::substValue.editarray’
See the note in ?`:::` about the use of this operator.
See the information on DESCRIPTION files in the chapter ‘Creating R
packages’ of the ‘Writing R Extensions’ manual.
Flavors: r-devel-linux-x86_64-debian-gcc, r-patched-linux-x86_64, r-release-linux-ix86, r-release-linux-x86_64, r-release-osx-x86_64-mavericks, r-release-osx-x86_64-snowleopard, r-oldrel-windows-ix86+x86_64