Last updated on 2014-10-02 01:48:14.
Flavor | Version | Tinstall | Tcheck | Ttotal | Status | Flags |
---|---|---|---|---|---|---|
r-devel-linux-x86_64-debian-clang | 1.0.3 | 6.64 | 73.12 | 79.76 | OK | |
r-devel-linux-x86_64-debian-gcc | 1.0.3 | 6.38 | 71.12 | 77.50 | OK | |
r-devel-linux-x86_64-fedora-clang | 1.0.3 | 193.59 | OK | |||
r-devel-linux-x86_64-fedora-gcc | 1.0.3 | 186.77 | OK | |||
r-devel-osx-x86_64-clang | 1.0.3 | 147.80 | OK | |||
r-devel-windows-ix86+x86_64 | 1.0.3 | 16.00 | 106.00 | 122.00 | NOTE | |
r-patched-linux-x86_64 | 1.0.3 | 6.59 | 77.61 | 84.20 | OK | |
r-patched-solaris-sparc | 1.0.3 | 960.20 | NOTE | |||
r-patched-solaris-x86 | 1.0.3 | 259.10 | NOTE | |||
r-release-linux-ix86 | 1.0.2 | 0.38 | 2.73 | 3.11 | ERROR | |
r-release-linux-x86_64 | 1.0.3 | 6.72 | 77.51 | 84.24 | OK | |
r-release-osx-x86_64-mavericks | 1.0.3 | OK | ||||
r-release-osx-x86_64-snowleopard | 1.0.3 | OK | ||||
r-release-windows-ix86+x86_64 | 1.0.3 | 17.00 | 110.00 | 127.00 | NOTE |
Version: 1.0.3
Check: package dependencies
Result: NOTE
Package suggested but not available for checking: 'doMC'
Flavors: r-devel-windows-ix86+x86_64, r-release-windows-ix86+x86_64
Version: 1.0.3
Check: installed package size
Result: NOTE
installed size is 6.5Mb
sub-directories of 1Mb or more:
data 5.4Mb
Flavors: r-patched-solaris-sparc, r-patched-solaris-x86
Version: 1.0.2
Check: whether package can be installed
Result: ERROR
Installation failed.
Flavor: r-release-linux-ix86