Last updated on 2014-10-02 01:48:14.
Flavor | Version | Tinstall | Tcheck | Ttotal | Status | Flags |
---|---|---|---|---|---|---|
r-devel-linux-x86_64-debian-clang | 1.0.3 | 1.04 | 31.09 | 32.13 | NOTE | |
r-devel-linux-x86_64-debian-gcc | 1.0.3 | 1.12 | 30.84 | 31.96 | NOTE | |
r-devel-linux-x86_64-fedora-clang | 1.0.3 | 66.15 | NOTE | |||
r-devel-linux-x86_64-fedora-gcc | 1.0.3 | 63.87 | NOTE | |||
r-devel-osx-x86_64-clang | 1.0.3 | 56.91 | NOTE | |||
r-devel-windows-ix86+x86_64 | 1.0.3 | 3.00 | 43.00 | 46.00 | NOTE | |
r-patched-linux-x86_64 | 1.0.3 | 1.07 | 33.54 | 34.61 | NOTE | |
r-patched-solaris-sparc | 1.0.3 | 400.50 | NOTE | |||
r-patched-solaris-x86 | 1.0.3 | 78.90 | NOTE | |||
r-release-linux-ix86 | 1.0.3 | 1.46 | 43.67 | 45.13 | NOTE | |
r-release-linux-x86_64 | 1.0.3 | 1.06 | 32.60 | 33.66 | NOTE | |
r-release-osx-x86_64-mavericks | 1.0.3 | NOTE | ||||
r-release-osx-x86_64-snowleopard | 1.0.3 | OK | ||||
r-release-windows-ix86+x86_64 | 1.0.3 | 4.00 | 46.00 | 50.00 | NOTE | |
r-oldrel-windows-ix86+x86_64 | 1.0.3 | 4.00 | 45.00 | 49.00 | NOTE |
Version: 1.0.3
Check: dependencies in R code
Result: NOTE
Packages in Depends field not imported from:
‘cluster’ ‘pls’
These packages need to be imported from (in the NAMESPACE file)
for when this namespace is loaded but not attached.
See the information on DESCRIPTION files in the chapter ‘Creating R
packages’ of the ‘Writing R Extensions’ manual.
Flavors: r-devel-linux-x86_64-debian-clang, r-devel-linux-x86_64-debian-gcc, r-devel-linux-x86_64-fedora-clang, r-devel-linux-x86_64-fedora-gcc, r-devel-osx-x86_64-clang, r-devel-windows-ix86+x86_64, r-patched-linux-x86_64, r-patched-solaris-sparc, r-patched-solaris-x86, r-release-linux-ix86, r-release-linux-x86_64, r-release-osx-x86_64-mavericks, r-release-windows-ix86+x86_64, r-oldrel-windows-ix86+x86_64
Version: 1.0.3
Check: R code for possible problems
Result: NOTE
predict.dbglm: no visible global function definition for ‘daisy’
predict.dblm: no visible global function definition for ‘daisy’
predict.dbplsr: no visible global function definition for ‘daisy’
predict.ldbglm: no visible global function definition for ‘daisy’
predict.ldblm: no visible global function definition for ‘daisy’
z_to_dist: no visible global function definition for ‘daisy’
Flavors: r-devel-linux-x86_64-debian-clang, r-devel-linux-x86_64-debian-gcc, r-devel-linux-x86_64-fedora-clang, r-devel-linux-x86_64-fedora-gcc, r-devel-osx-x86_64-clang, r-devel-windows-ix86+x86_64