Last updated on 2014-10-02 01:48:13.
Flavor | Version | Tinstall | Tcheck | Ttotal | Status | Flags |
---|---|---|---|---|---|---|
r-devel-linux-x86_64-debian-clang | 0.3.2 | 1.18 | 76.90 | 78.09 | NOTE | |
r-devel-linux-x86_64-debian-gcc | 0.3.2 | 1.08 | 74.89 | 75.97 | NOTE | |
r-devel-linux-x86_64-fedora-clang | 0.3.2 | 138.97 | NOTE | |||
r-devel-linux-x86_64-fedora-gcc | 0.3.2 | 135.66 | NOTE | |||
r-devel-osx-x86_64-clang | 0.3.2 | 105.52 | NOTE | |||
r-devel-windows-ix86+x86_64 | 0.3.2 | 5.00 | 92.00 | 97.00 | NOTE | |
r-patched-linux-x86_64 | 0.3.2 | 1.14 | 79.25 | 80.39 | NOTE | |
r-patched-solaris-sparc | 0.3.2 | 893.90 | NOTE | |||
r-patched-solaris-x86 | 0.3.2 | 177.50 | NOTE | |||
r-release-linux-ix86 | 0.3.2 | 1.60 | 110.22 | 111.82 | NOTE | |
r-release-linux-x86_64 | 0.3.2 | 1.21 | 77.90 | 79.11 | NOTE | |
r-release-osx-x86_64-mavericks | 0.3.2 | NOTE | ||||
r-release-windows-ix86+x86_64 | 0.3.2 | 4.00 | 89.00 | 93.00 | NOTE | |
r-oldrel-windows-ix86+x86_64 | 0.3.2 | 4.00 | 108.00 | 112.00 | NOTE |
Version: 0.3.2
Check: DESCRIPTION meta-information
Result: NOTE
Packages listed in more than one of Depends, Imports, Suggests, Enhances:
‘lattice’ ‘robustbase’
A package should be listed in only one of these fields.
Flavors: r-devel-linux-x86_64-debian-clang, r-devel-linux-x86_64-debian-gcc, r-devel-linux-x86_64-fedora-clang, r-devel-linux-x86_64-fedora-gcc, r-devel-osx-x86_64-clang, r-devel-windows-ix86+x86_64, r-patched-linux-x86_64, r-patched-solaris-sparc, r-patched-solaris-x86, r-release-linux-ix86, r-release-linux-x86_64, r-release-osx-x86_64-mavericks, r-release-windows-ix86+x86_64, r-oldrel-windows-ix86+x86_64