CRAN Package Check Results for Package cudia

Last updated on 2014-10-02 01:48:13.

Flavor Version Tinstall Tcheck Ttotal Status Flags
r-devel-linux-x86_64-debian-clang 0.1 0.87 13.62 14.49 NOTE
r-devel-linux-x86_64-debian-gcc 0.1 0.82 14.18 15.00 NOTE
r-devel-linux-x86_64-fedora-clang 0.1 29.36 NOTE
r-devel-linux-x86_64-fedora-gcc 0.1 27.76 NOTE
r-devel-osx-x86_64-clang 0.1 29.99 NOTE
r-devel-windows-ix86+x86_64 0.1 4.00 25.00 29.00 NOTE
r-patched-linux-x86_64 0.1 0.87 14.52 15.40 NOTE
r-patched-solaris-sparc 0.1 176.90 NOTE
r-patched-solaris-x86 0.1 42.80 NOTE
r-release-linux-ix86 0.1 1.26 20.95 22.21 NOTE
r-release-linux-x86_64 0.1 1.00 14.11 15.11 NOTE
r-release-osx-x86_64-mavericks 0.1 NOTE
r-release-osx-x86_64-snowleopard 0.1 OK
r-release-windows-ix86+x86_64 0.1 4.00 25.00 29.00 NOTE
r-oldrel-windows-ix86+x86_64 0.1 4.00 25.00 29.00 NOTE

Check Details

Version: 0.1
Check: dependencies in R code
Result: NOTE
    Packages in Depends field not imported from:
     ‘MCMCpack’ ‘mvtnorm’
     These packages need to be imported from (in the NAMESPACE file)
     for when this namespace is loaded but not attached.
    See the information on DESCRIPTION files in the chapter ‘Creating R
    packages’ of the ‘Writing R Extensions’ manual.
Flavors: r-devel-linux-x86_64-debian-clang, r-devel-linux-x86_64-debian-gcc, r-devel-linux-x86_64-fedora-clang, r-devel-linux-x86_64-fedora-gcc, r-devel-osx-x86_64-clang, r-devel-windows-ix86+x86_64, r-patched-linux-x86_64, r-patched-solaris-sparc, r-patched-solaris-x86, r-release-linux-ix86, r-release-linux-x86_64, r-release-osx-x86_64-mavericks, r-release-windows-ix86+x86_64, r-oldrel-windows-ix86+x86_64

Version: 0.1
Check: R code for possible problems
Result: NOTE
    cudiaDet: no visible global function definition for ‘rdirichlet’
    cudiaDet: no visible global function definition for ‘lm.ridge’
Flavors: r-devel-linux-x86_64-debian-clang, r-devel-linux-x86_64-debian-gcc, r-devel-linux-x86_64-fedora-clang, r-devel-linux-x86_64-fedora-gcc, r-devel-osx-x86_64-clang, r-devel-windows-ix86+x86_64