CRAN Package Check Results for Package crossReg

Last updated on 2014-10-02 01:48:13.

Flavor Version Tinstall Tcheck Ttotal Status Flags
r-devel-linux-x86_64-debian-clang 1.0 0.56 12.46 13.02 NOTE
r-devel-linux-x86_64-debian-gcc 1.0 0.53 12.72 13.26 NOTE
r-devel-linux-x86_64-fedora-clang 1.0 27.83 NOTE
r-devel-linux-x86_64-fedora-gcc 1.0 25.90 NOTE
r-devel-osx-x86_64-clang 1.0 26.41 NOTE
r-devel-windows-ix86+x86_64 1.0 2.00 20.00 22.00 NOTE
r-patched-linux-x86_64 1.0 0.55 12.83 13.38 OK
r-patched-solaris-sparc 1.0 159.70 OK
r-patched-solaris-x86 1.0 40.40 OK
r-release-linux-ix86 1.0 0.78 18.67 19.45 OK
r-release-linux-x86_64 1.0 0.49 12.72 13.22 OK
r-release-osx-x86_64-mavericks 1.0 OK
r-release-osx-x86_64-snowleopard 1.0 OK
r-release-windows-ix86+x86_64 1.0 2.00 22.00 24.00 OK
r-oldrel-windows-ix86+x86_64 1.0 2.00 21.00 23.00 OK

Check Details

Version: 1.0
Check: R code for possible problems
Result: NOTE
    BootC: no visible global function definition for ‘boot’
    BootC: no visible global function definition for ‘boot.ci’
Flavors: r-devel-linux-x86_64-debian-clang, r-devel-linux-x86_64-debian-gcc, r-devel-linux-x86_64-fedora-clang, r-devel-linux-x86_64-fedora-gcc, r-devel-osx-x86_64-clang, r-devel-windows-ix86+x86_64