Last updated on 2014-10-02 01:48:13.
Flavor | Version | Tinstall | Tcheck | Ttotal | Status | Flags |
---|---|---|---|---|---|---|
r-devel-linux-x86_64-debian-clang | 1.4-1 | 6.52 | 41.04 | 47.56 | NOTE | |
r-devel-linux-x86_64-debian-gcc | 1.4-1 | 6.64 | 38.93 | 45.58 | NOTE | |
r-devel-linux-x86_64-fedora-clang | 1.4-1 | 104.45 | NOTE | |||
r-devel-linux-x86_64-fedora-gcc | 1.4-1 | 105.35 | NOTE | |||
r-devel-osx-x86_64-clang | 1.4-1 | 84.33 | NOTE | |||
r-devel-windows-ix86+x86_64 | 1.4-1 | 22.00 | 72.00 | 94.00 | NOTE | |
r-patched-linux-x86_64 | 1.4-1 | 6.66 | 42.48 | 49.14 | NOTE | |
r-patched-solaris-sparc | 1.4-1 | 606.40 | NOTE | |||
r-patched-solaris-x86 | 1.4-1 | 148.40 | NOTE | |||
r-release-linux-ix86 | 1.4-1 | 8.99 | 51.18 | 60.18 | NOTE | |
r-release-linux-x86_64 | 1.4-1 | 6.65 | 41.12 | 47.77 | NOTE | |
r-release-osx-x86_64-mavericks | 1.4-1 | NOTE | ||||
r-release-windows-ix86+x86_64 | 1.4-1 | 22.00 | 74.00 | 96.00 | NOTE | |
r-oldrel-windows-ix86+x86_64 | 1.4-1 | 22.00 | 74.00 | 96.00 | NOTE |
Version: 1.4-1
Check: dependencies in R code
Result: NOTE
'library' or 'require' calls to packages already attached by Depends:
‘raster’ ‘sp’
Please remove these calls from your code.
See the information on DESCRIPTION files in the chapter ‘Creating R
packages’ of the ‘Writing R Extensions’ manual.
Flavors: r-devel-linux-x86_64-debian-clang, r-devel-linux-x86_64-debian-gcc, r-devel-linux-x86_64-fedora-clang, r-devel-linux-x86_64-fedora-gcc, r-devel-osx-x86_64-clang, r-devel-windows-ix86+x86_64, r-patched-linux-x86_64, r-patched-solaris-sparc, r-patched-solaris-x86, r-release-linux-ix86, r-release-linux-x86_64, r-release-osx-x86_64-mavericks, r-release-windows-ix86+x86_64, r-oldrel-windows-ix86+x86_64