CRAN Package Check Results for Package confidence

Last updated on 2014-10-02 01:48:13.

Flavor Version Tinstall Tcheck Ttotal Status Flags
r-devel-linux-x86_64-debian-clang 1.0-0 2.23 32.27 34.50 OK
r-devel-linux-x86_64-debian-gcc 1.0-0 2.11 32.60 34.70 OK
r-devel-linux-x86_64-fedora-clang 1.0-0 67.59 OK
r-devel-linux-x86_64-fedora-gcc 1.0-0 65.37 OK
r-devel-osx-x86_64-clang 1.0-0 69.98 OK
r-devel-windows-ix86+x86_64 1.0-0 9.00 57.00 66.00 OK
r-patched-linux-x86_64 1.0-0 2.22 33.19 35.41 OK
r-patched-solaris-sparc 1.0-0 392.70 OK
r-patched-solaris-x86 1.0-0 102.00 OK
r-release-linux-ix86 1.0-0 3.13 44.23 47.36 OK
r-release-linux-x86_64 1.0-0 2.32 34.12 36.44 OK
r-release-osx-x86_64-mavericks 1.0-0 NOTE
r-release-osx-x86_64-snowleopard 1.0-0 OK
r-release-windows-ix86+x86_64 1.0-0 11.00 62.00 73.00 OK
r-oldrel-windows-ix86+x86_64 1.0-0 10.00 65.00 75.00 OK

Check Details

Version: 1.0-0
Check: re-building of vignette outputs
Result: NOTE
    Error in re-building vignettes:
     ...
    Warning: running command 'kpsewhich framed.sty' had status 1
    Warning in test_latex_pkg("framed", system.file("misc", "framed.sty", package = "knitr")) :
     unable to find LaTeX package 'framed'; will use a copy from knitr
    Loading required package: tcltk
    
    For more information on the usage of the Confidence tool, type:
    vignette("confidence")
    Error in texi2dvi(file = file, pdf = TRUE, clean = clean, quiet = quiet, :
     Running 'texi2dvi' on 'confidence.tex' failed.
    LaTeX errors:
    ! LaTeX Error: File `sectsty.sty' not found.
    
    Type X to quit or <RETURN> to proceed,
    or enter new name. (Default extension: sty)
    
    ign_test/confidence/vignettes/confidence.tex:73: ==> Fatal error occurred, no
    output PDF file produced!
    Calls: buildVignettes -> texi2pdf -> texi2dvi
    Execution halted
Flavor: r-release-osx-x86_64-mavericks