Last updated on 2014-10-02 01:48:13.
Flavor | Version | Tinstall | Tcheck | Ttotal | Status | Flags |
---|---|---|---|---|---|---|
r-devel-linux-x86_64-debian-clang | 0.1.0 | 1.94 | 25.95 | 27.89 | OK | |
r-devel-linux-x86_64-debian-gcc | 0.1.0 | 1.87 | 25.43 | 27.30 | OK | |
r-devel-linux-x86_64-fedora-clang | 0.1.0 | 60.06 | OK | |||
r-devel-linux-x86_64-fedora-gcc | 0.1.0 | 57.87 | OK | |||
r-patched-linux-x86_64 | 0.1.0 | 1.98 | 30.74 | 32.72 | OK | |
r-release-linux-ix86 | 0.1.0 | 2.81 | 38.84 | 41.65 | OK | |
r-release-linux-x86_64 | 0.1.0 | 2.04 | 31.56 | 33.59 | OK | |
r-release-osx-x86_64-mavericks | 0.1.0 | ERROR | ||||
r-release-osx-x86_64-snowleopard | 0.1.0 | NOTE | ||||
r-release-windows-ix86+x86_64 | 0.1.0 | 1.00 | 2.00 | 3.00 | ERROR | |
r-oldrel-windows-ix86+x86_64 | 0.1.0 | 1.00 | 2.00 | 3.00 | ERROR |
Version: 0.1.0
Check: package dependencies
Result: ERROR
Package required but not available: ‘RMySQL’
Packages suggested but not available for checking:
‘inSilicoDb’ ‘hgu133a.db’ ‘GSVA’ ‘GSVAdata’
See the information on DESCRIPTION files in the chapter ‘Creating R
packages’ of the ‘Writing R Extensions’ manual.
Flavor: r-release-osx-x86_64-mavericks
Version: 0.1.0
Check: package dependencies
Result: NOTE
Packages suggested but not available for checking:
‘inSilicoDb’ ‘hgu133a.db’ ‘GSVA’ ‘GSVAdata’
Flavor: r-release-osx-x86_64-snowleopard
Version: 0.1.0
Check: package dependencies
Result: ERROR
Package required but not available: 'RMySQL'
Package suggested but not available for checking: 'GSVAdata'
See the information on DESCRIPTION files in the chapter 'Creating R
packages' of the 'Writing R Extensions' manual.
Flavors: r-release-windows-ix86+x86_64, r-oldrel-windows-ix86+x86_64