Last updated on 2014-10-02 01:48:13.
Flavor | Version | Tinstall | Tcheck | Ttotal | Status | Flags |
---|---|---|---|---|---|---|
r-devel-linux-x86_64-debian-clang | 1.0 | 0.87 | 16.72 | 17.58 | NOTE | |
r-devel-linux-x86_64-debian-gcc | 1.0 | 0.91 | 15.24 | 16.15 | NOTE | |
r-devel-linux-x86_64-fedora-clang | 1.0 | 32.70 | NOTE | |||
r-devel-linux-x86_64-fedora-gcc | 1.0 | 30.23 | NOTE | |||
r-devel-osx-x86_64-clang | 1.0 | 32.59 | OK | |||
r-devel-windows-ix86+x86_64 | 1.0 | 4.00 | 24.00 | 28.00 | OK | |
r-patched-linux-x86_64 | 1.0 | 0.91 | 16.56 | 17.47 | NOTE | |
r-patched-solaris-sparc | 1.0 | 191.70 | OK | |||
r-patched-solaris-x86 | 1.0 | 46.90 | OK | |||
r-release-linux-ix86 | 1.0 | 1.24 | 22.88 | 24.12 | OK | |
r-release-linux-x86_64 | 1.0 | 1.19 | 16.24 | 17.43 | NOTE | |
r-release-osx-x86_64-mavericks | 1.0 | OK | ||||
r-release-windows-ix86+x86_64 | 1.0 | 4.00 | 27.00 | 31.00 | OK | |
r-oldrel-windows-ix86+x86_64 | 1.0 | 5.00 | 28.00 | 33.00 | OK |
Version: 1.0
Check: Rd line widths
Result: NOTE
Rd file 'CIFplot.Rd':
\usage lines wider than 90 characters:
CIFplot(x, event.code = NULL, covar.code = NULL, indiv.times = NULL, indiv.events = NULL, indiv.covar = NULL,
Rd file 'irates.Rd':
\usage lines wider than 90 characters:
irates(data, time.code = NULL, no.event.code = NULL, no.event.lab = NULL, event.lab = NULL, covar.lab = NULL,
Rd file 'plot.irates.Rd':
\usage lines wider than 90 characters:
plot(x, covar.code = NULL, full.sample = FALSE, n.row = 1, viewport.size = list(w = 3.5, h = 2.5),
box.size = list(w = NULL, h = NULL), dist = 0.5, irates.vbw = NULL, arrow.maxlwd = 10, display.digits = 2, cex = 0.9, show.values = TRU ... [TRUNCATED]
Rd file 'print.iprop.Rd':
\usage lines wider than 90 characters:
print(x, event.code = NULL, covar.code = NULL, full.sample = FALSE, display.digits = 4, ...)
Rd file 'print.irates.Rd':
\usage lines wider than 90 characters:
print(x, event.code = NULL, covar.code = NULL, full.sample = FALSE, display.digits = 4, ...)
These lines will be truncated in the PDF manual.
Flavors: r-devel-linux-x86_64-debian-clang, r-devel-linux-x86_64-debian-gcc, r-devel-linux-x86_64-fedora-clang, r-devel-linux-x86_64-fedora-gcc, r-patched-linux-x86_64, r-release-linux-x86_64