Last updated on 2014-10-02 01:48:13.
Flavor | Version | Tinstall | Tcheck | Ttotal | Status | Flags |
---|---|---|---|---|---|---|
r-devel-linux-x86_64-debian-clang | 2.0.5 | 2.98 | 119.79 | 122.78 | OK | |
r-devel-linux-x86_64-debian-gcc | 2.0.5 | 2.72 | 115.23 | 117.96 | OK | |
r-devel-linux-x86_64-fedora-clang | 2.0.5 | 252.89 | OK | |||
r-devel-linux-x86_64-fedora-gcc | 2.0.5 | 242.65 | OK | |||
r-devel-osx-x86_64-clang | 2.0.5 | 187.48 | OK | |||
r-devel-windows-ix86+x86_64 | 2.0.5 | 13.00 | 206.00 | 219.00 | OK | |
r-patched-linux-x86_64 | 2.0.5 | 2.96 | 125.20 | 128.16 | OK | |
r-patched-solaris-sparc | 2.0.5 | 1326.00 | OK | |||
r-patched-solaris-x86 | 2.0.5 | 308.80 | OK | |||
r-release-linux-ix86 | 2.0.5 | 4.08 | 161.72 | 165.80 | OK | |
r-release-linux-x86_64 | 2.0.5 | 3.00 | 125.22 | 128.22 | OK | |
r-release-osx-x86_64-mavericks | 2.0.5 | NOTE | ||||
r-release-osx-x86_64-snowleopard | 2.0.5 | OK | ||||
r-release-windows-ix86+x86_64 | 2.0.5 | 13.00 | 208.00 | 221.00 | OK | |
r-oldrel-windows-ix86+x86_64 | 2.0.5 | 14.00 | 225.00 | 239.00 | OK |
Version: 2.0.5
Check: re-building of vignette outputs
Result: NOTE
Error in re-building vignettes:
...
Warning in HWf(X) : Monomorphic marker, f set to zero.
Warning in homozyg(X) :
Genotypes are not labelled, default labels (AA, AB, BB) assumed.
Warning in heterozyg(X) :
Genotypes are not labelled, default labels assumed.
Warning in homozyg(X) :
Genotypes are not labelled, default labels (AA, AB, BB) assumed.
Warning in heterozyg(X) :
Genotypes are not labelled, default labels assumed.
Warning in homozyg(X) :
Genotypes are not labelled, default labels (AA, AB, BB) assumed.
Warning in heterozyg(X) :
Genotypes are not labelled, default labels assumed.
Warning in HWChisq(X[i, ], ...) :
Expected counts below 5: chi-square approximation may be incorrect
Warning in HWf(X) : Monomorphic marker, f set to zero.
Error in texi2dvi(file = file, pdf = TRUE, clean = clean, quiet = quiet, :
Running 'texi2dvi' on 'compareGroups_vignette.tex' failed.
LaTeX errors:
! LaTeX Error: File `multirow.sty' not found.
Type X to quit or <RETURN> to proceed,
or enter new name. (Default extension: sty)
Calls: buildVignettes -> texi2pdf -> texi2dvi
Execution halted
Flavor: r-release-osx-x86_64-mavericks