CRAN Package Check Results for Package coefficientalpha

Last updated on 2014-10-02 01:48:13.

Flavor Version Tinstall Tcheck Ttotal Status Flags
r-devel-linux-x86_64-debian-clang 0.2.6 0.63 14.98 15.61 NOTE
r-devel-linux-x86_64-debian-gcc 0.2.6 0.63 15.35 15.98 NOTE
r-devel-linux-x86_64-fedora-clang 0.2.6 32.17 NOTE
r-devel-linux-x86_64-fedora-gcc 0.2.6 29.82 NOTE
r-devel-osx-x86_64-clang 0.2.6 30.63 NOTE
r-devel-windows-ix86+x86_64 0.2.6 2.00 23.00 25.00 NOTE
r-patched-linux-x86_64 0.2.6 0.69 15.88 16.57 NOTE
r-patched-solaris-sparc 0.2.6 198.30 NOTE
r-patched-solaris-x86 0.2.6 43.70 NOTE
r-release-linux-ix86 0.2.6 0.95 21.84 22.80 NOTE
r-release-linux-x86_64 0.2.6 0.87 15.27 16.14 NOTE
r-release-osx-x86_64-mavericks 0.2.6 NOTE
r-release-windows-ix86+x86_64 0.2.6 3.00 26.00 29.00 NOTE
r-oldrel-windows-ix86+x86_64 0.2.6 3.00 26.00 29.00 NOTE

Check Details

Version: 0.2.6
Check: dependencies in R code
Result: NOTE
    Package in Depends field not imported from: ‘MASS’
     These packages need to be imported from (in the NAMESPACE file)
     for when this namespace is loaded but not attached.
    See the information on DESCRIPTION files in the chapter ‘Creating R
    packages’ of the ‘Writing R Extensions’ manual.
Flavors: r-devel-linux-x86_64-debian-clang, r-devel-linux-x86_64-debian-gcc, r-devel-linux-x86_64-fedora-clang, r-devel-linux-x86_64-fedora-gcc, r-devel-osx-x86_64-clang, r-devel-windows-ix86+x86_64, r-patched-linux-x86_64, r-patched-solaris-sparc, r-patched-solaris-x86, r-release-linux-ix86, r-release-linux-x86_64, r-release-osx-x86_64-mavericks, r-release-windows-ix86+x86_64, r-oldrel-windows-ix86+x86_64

Version: 0.2.6
Check: R code for possible problems
Result: NOTE
    rsem.emmusig: no visible global function definition for ‘cov.rob’
Flavors: r-devel-linux-x86_64-debian-clang, r-devel-linux-x86_64-debian-gcc, r-devel-linux-x86_64-fedora-clang, r-devel-linux-x86_64-fedora-gcc, r-devel-osx-x86_64-clang, r-devel-windows-ix86+x86_64

Version: 0.2.6
Check: Rd line widths
Result: NOTE
    Rd file 'plot.alpha.Rd':
     \usage lines wider than 90 characters:
     plot(x, type="weight", profile=5, interval=0.01,center=TRUE, scale=FALSE, w1=FALSE, numbered=FALSE, pos="topright",...)
    
    These lines will be truncated in the PDF manual.
Flavors: r-devel-linux-x86_64-debian-clang, r-devel-linux-x86_64-debian-gcc, r-devel-linux-x86_64-fedora-clang, r-devel-linux-x86_64-fedora-gcc, r-patched-linux-x86_64, r-release-linux-x86_64