Last updated on 2014-10-02 01:48:13.
Flavor | Version | Tinstall | Tcheck | Ttotal | Status | Flags |
---|---|---|---|---|---|---|
r-devel-linux-x86_64-debian-clang | 0.6-2 | 1.58 | 79.96 | 81.54 | NOTE | |
r-devel-linux-x86_64-debian-gcc | 0.6-2 | 1.08 | 78.08 | 79.16 | NOTE | |
r-devel-linux-x86_64-fedora-clang | 0.6-2 | 162.23 | NOTE | |||
r-devel-linux-x86_64-fedora-gcc | 0.6-2 | 154.10 | NOTE | |||
r-devel-osx-x86_64-clang | 0.6-2 | 129.87 | NOTE | |||
r-devel-windows-ix86+x86_64 | 0.6-2 | 4.00 | 109.00 | 113.00 | NOTE | |
r-patched-linux-x86_64 | 0.6-2 | 1.15 | 84.68 | 85.83 | NOTE | |
r-patched-solaris-sparc | 0.6-2 | 1017.30 | NOTE | |||
r-patched-solaris-x86 | 0.6-2 | 187.40 | NOTE | |||
r-release-linux-ix86 | 0.6-2 | 1.57 | 114.93 | 116.50 | NOTE | |
r-release-linux-x86_64 | 0.6-2 | 1.18 | 81.22 | 82.40 | NOTE | |
r-release-osx-x86_64-mavericks | 0.6-2 | NOTE | ||||
r-release-osx-x86_64-snowleopard | 0.6-2 | NOTE | ||||
r-release-windows-ix86+x86_64 | 0.6-2 | 4.00 | 113.00 | 117.00 | NOTE | |
r-oldrel-windows-ix86+x86_64 | 0.6-2 | 4.00 | 120.00 | 124.00 | NOTE |
Version: 0.6-2
Check: dependencies in R code
Result: NOTE
Namespace in Imports field not imported from: ‘methods’
All declared Imports should be used.
See the information on DESCRIPTION files in the chapter ‘Creating R
packages’ of the ‘Writing R Extensions’ manual.
Flavors: r-devel-linux-x86_64-debian-clang, r-devel-linux-x86_64-debian-gcc, r-devel-linux-x86_64-fedora-clang, r-devel-linux-x86_64-fedora-gcc, r-devel-osx-x86_64-clang, r-devel-windows-ix86+x86_64, r-patched-linux-x86_64, r-patched-solaris-sparc, r-patched-solaris-x86, r-release-linux-ix86, r-release-linux-x86_64, r-release-osx-x86_64-mavericks, r-release-osx-x86_64-snowleopard, r-release-windows-ix86+x86_64, r-oldrel-windows-ix86+x86_64