Last updated on 2014-10-02 01:48:13.
Flavor | Version | Tinstall | Tcheck | Ttotal | Status | Flags |
---|---|---|---|---|---|---|
r-devel-linux-x86_64-debian-clang | 1.0 | 0.93 | 24.10 | 25.03 | NOTE | |
r-devel-linux-x86_64-debian-gcc | 1.0 | 1.40 | 23.52 | 24.92 | NOTE | |
r-devel-linux-x86_64-fedora-clang | 1.0 | 50.11 | NOTE | |||
r-devel-linux-x86_64-fedora-gcc | 1.0 | 48.03 | NOTE | |||
r-devel-osx-x86_64-clang | 1.0 | 45.48 | NOTE | |||
r-devel-windows-ix86+x86_64 | 1.0 | 3.00 | 37.00 | 40.00 | NOTE | |
r-patched-linux-x86_64 | 1.0 | 1.04 | 24.84 | 25.88 | NOTE | |
r-patched-solaris-sparc | 1.0 | 307.30 | NOTE | |||
r-patched-solaris-x86 | 1.0 | 63.30 | NOTE | |||
r-release-linux-ix86 | 1.0 | 1.25 | 32.22 | 33.46 | NOTE | |
r-release-linux-x86_64 | 1.0 | 0.90 | 24.45 | 25.35 | NOTE | |
r-release-osx-x86_64-mavericks | 1.0 | NOTE | ||||
r-release-windows-ix86+x86_64 | 1.0 | 3.00 | 40.00 | 43.00 | NOTE | |
r-oldrel-windows-ix86+x86_64 | 1.0 | 4.00 | 41.00 | 45.00 | NOTE |
Version: 1.0
Check: dependencies in R code
Result: NOTE
Package in Depends field not imported from: ‘cluster’
These packages need to be imported from (in the NAMESPACE file)
for when this namespace is loaded but not attached.
See the information on DESCRIPTION files in the chapter ‘Creating R
packages’ of the ‘Writing R Extensions’ manual.
Flavors: r-devel-linux-x86_64-debian-clang, r-devel-linux-x86_64-debian-gcc, r-devel-linux-x86_64-fedora-clang, r-devel-linux-x86_64-fedora-gcc, r-devel-osx-x86_64-clang, r-devel-windows-ix86+x86_64, r-patched-linux-x86_64, r-patched-solaris-sparc, r-patched-solaris-x86, r-release-linux-ix86, r-release-linux-x86_64, r-release-osx-x86_64-mavericks, r-release-windows-ix86+x86_64, r-oldrel-windows-ix86+x86_64