Last updated on 2014-10-02 01:48:12.
Flavor | Version | Tinstall | Tcheck | Ttotal | Status | Flags |
---|---|---|---|---|---|---|
r-devel-linux-x86_64-debian-clang | 0.5-20 | 1.00 | 79.26 | 80.26 | NOTE | |
r-devel-linux-x86_64-debian-gcc | 0.5-20 | 0.97 | 77.92 | 78.90 | NOTE | |
r-devel-linux-x86_64-fedora-clang | 0.5-20 | 172.79 | NOTE | |||
r-devel-linux-x86_64-fedora-gcc | 0.5-20 | 167.47 | NOTE | |||
r-devel-osx-x86_64-clang | 0.5-20 | 124.24 | NOTE | |||
r-devel-windows-ix86+x86_64 | 0.5-20 | 4.00 | 121.00 | 125.00 | NOTE | |
r-patched-linux-x86_64 | 0.5-20 | 1.12 | 83.85 | 84.98 | OK | |
r-patched-solaris-sparc | 0.5-20 | 979.40 | OK | |||
r-patched-solaris-x86 | 0.5-20 | 172.00 | OK | |||
r-release-linux-ix86 | 0.5-20 | 1.52 | 98.68 | 100.20 | OK | |
r-release-linux-x86_64 | 0.5-20 | 1.17 | 82.24 | 83.41 | OK | |
r-release-osx-x86_64-mavericks | 0.5-20 | NOTE | ||||
r-release-osx-x86_64-snowleopard | 0.5-20 | NOTE | ||||
r-release-windows-ix86+x86_64 | 0.5-20 | 4.00 | 126.00 | 130.00 | OK | |
r-oldrel-windows-ix86+x86_64 | 0.5-20 | 4.00 | 121.00 | 125.00 | OK |
Version: 0.5-20
Check: R code for possible problems
Result: NOTE
censReg: no visible global function definition for ‘plm’
extractAIC.censReg: no visible global function definition for ‘nObs’
logLik.censReg: no visible global function definition for ‘activePar’
print.summary.censReg: no visible global function definition for
‘maximType’
print.summary.censReg: no visible global function definition for
‘nIter’
print.summary.censReg: no visible global function definition for
‘returnCode’
print.summary.censReg: no visible global function definition for
‘returnMessage’
print.summary.censReg: no visible global function definition for
‘activePar’
Flavors: r-devel-linux-x86_64-debian-clang, r-devel-linux-x86_64-debian-gcc, r-devel-linux-x86_64-fedora-clang, r-devel-linux-x86_64-fedora-gcc, r-devel-osx-x86_64-clang, r-devel-windows-ix86+x86_64
Version: 0.5-20
Check: re-building of vignette outputs
Result: NOTE
Error in re-building vignettes:
...
Loading required package: maxLik
Loading required package: miscTools
Please cite the 'maxLik' package as:
Henningsen, Arne and Toomet, Ott (2011). maxLik: A package for maximum likelihood estimation in R. Computational Statistics 26(3), 443-458. DOI 10.1007/s00180-010-0217-1.
If you have questions, suggestions, or comments regarding the 'maxLik' package, please use a forum or 'tracker' at maxLik's R-Forge site:
https://r-forge.r-project.org/projects/maxlik/
Loading required package: Formula
Error in texi2dvi(file = file, pdf = TRUE, clean = clean, quiet = quiet, :
Running 'texi2dvi' on 'censReg.tex' failed.
LaTeX errors:
! LaTeX Error: File `bbm.sty' not found.
Type X to quit or <RETURN> to proceed,
or enter new name. (Default extension: sty)
_test/censReg/vignettes/censReg.tex:5: ==> Fatal error occurred, no output PDF
file produced!
Calls: buildVignettes -> texi2pdf -> texi2dvi
Execution halted
Flavor: r-release-osx-x86_64-mavericks
Version: 0.5-20
Check: re-building of vignette outputs
Result: NOTE
Error in re-building vignettes:
...
Loading required package: nlme
Loading required package: Formula
Loading required package: MASS
Loading required package: sandwich
Loading required package: zoo
Attaching package: 'zoo'
The following objects are masked from 'package:base':
as.Date, as.Date.numeric
Error in texi2dvi(file = file, pdf = TRUE, clean = clean, quiet = quiet, :
Running 'texi2dvi' on 'censReg.tex' failed.
LaTeX errors:
! LaTeX Error: File `bbm.sty' not found.
Type X to quit or <RETURN> to proceed,
or enter new name. (Default extension: sty)
censReg.Rcheck/vign_test/censReg/vignettes/censReg.tex:5: ==> Fatal error occu
rred, no output PDF file produced!
Calls: buildVignettes -> texi2pdf -> texi2dvi
Execution halted
Flavor: r-release-osx-x86_64-snowleopard