Last updated on 2014-10-02 01:48:12.
Flavor | Version | Tinstall | Tcheck | Ttotal | Status | Flags |
---|---|---|---|---|---|---|
r-devel-linux-x86_64-debian-clang | 1.1.10 | 1.22 | 69.84 | 71.06 | NOTE | |
r-devel-linux-x86_64-debian-gcc | 1.1.10 | 1.59 | 68.70 | 70.29 | NOTE | |
r-devel-linux-x86_64-fedora-clang | 1.1.10 | 150.59 | NOTE | |||
r-devel-linux-x86_64-fedora-gcc | 1.1.10 | 145.20 | NOTE | |||
r-devel-osx-x86_64-clang | 1.1.10 | 116.93 | NOTE | |||
r-devel-windows-ix86+x86_64 | 1.1.10 | 4.00 | 105.00 | 109.00 | NOTE | |
r-patched-linux-x86_64 | 1.1.10 | 1.25 | 72.93 | 74.18 | OK | |
r-patched-solaris-sparc | 1.1.10 | 855.80 | OK | |||
r-patched-solaris-x86 | 1.1.10 | 130.90 | OK | --no-vignettes | ||
r-release-linux-ix86 | 1.1.10 | 1.64 | 91.68 | 93.32 | OK | |
r-release-linux-x86_64 | 1.1.10 | 1.34 | 74.93 | 76.26 | OK | |
r-release-osx-x86_64-mavericks | 1.1.10 | NOTE | ||||
r-release-osx-x86_64-snowleopard | 1.1.10 | OK | ||||
r-release-windows-ix86+x86_64 | 1.1.10 | 4.00 | 109.00 | 113.00 | OK | |
r-oldrel-windows-ix86+x86_64 | 1.1.10 | 6.00 | 108.00 | 114.00 | OK |
Version: 1.1.10
Check: R code for possible problems
Result: NOTE
enumerateInteractions: no visible global function definition for ‘nCm’
imbspace.plot: no visible global function definition for ‘tcl’
imbspace.plot: no visible binding for global variable ‘ttkbutton’
imbspace.plot: no visible binding for global variable ‘ttkframe’
imbspace.plot: no visible binding for global variable ‘ttklabel’
imbspace.plot: no visible binding for global variable ‘ttkradiobutton’
imbspace.plot: no visible global function definition for
‘tclServiceMode’
imbspace.plot: no visible global function definition for ‘tktoplevel’
imbspace.plot: no visible global function definition for ‘tkwm.title’
imbspace.plot: no visible global function definition for ‘tclVar’
imbspace.plot: no visible global function definition for ‘tkpack’
imbspace.plot: no visible global function definition for ‘tkentry’
imbspace.plot : OnOK: no visible global function definition for
‘tclvalue’
imbspace.plot : OnOK: no visible global function definition for
‘tclServiceMode’
imbspace.plot : update.imbplot: no visible global function definition
for ‘tclvalue<-’
imbspace.plot : update.imbplot: no visible global function definition
for ‘tkfocus’
imbspace.plot: no visible global function definition for ‘tkdestroy’
search.match: no visible global function definition for ‘matchit’
spacegraph.plot: no visible global function definition for ‘tcl’
spacegraph.plot: no visible binding for global variable ‘ttkbutton’
spacegraph.plot: no visible binding for global variable ‘ttkframe’
spacegraph.plot: no visible binding for global variable ‘ttklabel’
spacegraph.plot: no visible binding for global variable
‘ttkradiobutton’
spacegraph.plot: no visible global function definition for
‘tclServiceMode’
spacegraph.plot: no visible global function definition for ‘tktoplevel’
spacegraph.plot: no visible global function definition for ‘tkwm.title’
spacegraph.plot: no visible global function definition for ‘tclVar’
spacegraph.plot: no visible global function definition for ‘tkpack’
spacegraph.plot: no visible global function definition for ‘tkentry’
spacegraph.plot : OnCall: no visible global function definition for
‘tclvalue’
spacegraph.plot : OnCall: no visible global function definition for
‘tclServiceMode’
spacegraph.plot : OnOK: no visible global function definition for
‘tclvalue’
spacegraph.plot : OnOK: no visible global function definition for
‘tclServiceMode’
spacegraph.plot : update.imbplot: no visible global function definition
for ‘tclvalue<-’
spacegraph.plot : update.imbplot: no visible global function definition
for ‘tkfocus’
spacegraph.plot: no visible global function definition for ‘tkdestroy’
Flavors: r-devel-linux-x86_64-debian-clang, r-devel-linux-x86_64-debian-gcc, r-devel-linux-x86_64-fedora-clang, r-devel-linux-x86_64-fedora-gcc, r-devel-osx-x86_64-clang, r-devel-windows-ix86+x86_64
Version: 1.1.10
Check: re-building of vignette outputs
Result: NOTE
Error in re-building vignettes:
...
no non-missing arguments to min; returning Inf
Warning in min(x, na.rm = TRUE) :
no non-missing arguments to min; returning Inf
Warning in min(x, na.rm = TRUE) :
no non-missing arguments to min; returning Inf
Warning in min(x, na.rm = TRUE) :
no non-missing arguments to min; returning Inf
Warning in min(x, na.rm = TRUE) :
no non-missing arguments to min; returning Inf
Warning in min(x, na.rm = TRUE) :
no non-missing arguments to min; returning Inf
Warning in min(x, na.rm = TRUE) :
no non-missing arguments to min; returning Inf
Error in texi2dvi(file = file, pdf = TRUE, clean = clean, quiet = quiet, :
Running 'texi2dvi' on 'cem.tex' failed.
LaTeX errors:
! LaTeX Error: File `fullpage.sty' not found.
Type X to quit or <RETURN> to proceed,
or enter new name. (Default extension: sty)
t/cem/vignettes/cem.tex:24: ==> Fatal error occurred, no output PDF file produ
ced!
Calls: buildVignettes -> texi2pdf -> texi2dvi
Execution halted
Flavor: r-release-osx-x86_64-mavericks