Last updated on 2014-10-02 01:48:12.
Flavor | Version | Tinstall | Tcheck | Ttotal | Status | Flags |
---|---|---|---|---|---|---|
r-devel-linux-x86_64-debian-clang | 0.0.1 | 0.59 | 9.14 | 9.72 | NOTE | |
r-devel-linux-x86_64-debian-gcc | 0.0.1 | 0.55 | 9.14 | 9.69 | NOTE | |
r-devel-linux-x86_64-fedora-clang | 0.0.1 | 19.16 | NOTE | |||
r-devel-linux-x86_64-fedora-gcc | 0.0.1 | 19.11 | NOTE | |||
r-devel-osx-x86_64-clang | 0.0.1 | 21.62 | NOTE | |||
r-devel-windows-ix86+x86_64 | 0.0.1 | 3.00 | 18.00 | 21.00 | NOTE | |
r-patched-linux-x86_64 | 0.0.1 | 0.57 | 9.15 | 9.72 | NOTE | |
r-patched-solaris-sparc | 0.0.1 | 117.80 | NOTE | |||
r-patched-solaris-x86 | 0.0.1 | 28.30 | NOTE | |||
r-release-linux-ix86 | 0.0.1 | 0.81 | 14.66 | 15.48 | NOTE | |
r-release-linux-x86_64 | 0.0.1 | 0.54 | 9.20 | 9.74 | NOTE | |
r-release-osx-x86_64-mavericks | 0.0.1 | NOTE | ||||
r-release-windows-ix86+x86_64 | 0.0.1 | 4.00 | 17.00 | 21.00 | NOTE | |
r-oldrel-windows-ix86+x86_64 | 0.0.1 | 2.00 | 19.00 | 21.00 | NOTE |
Version: 0.0.1
Check: dependencies in R code
Result: NOTE
'library' or 'require' call to ‘bitops’ which was already attached by Depends.
Please remove these calls from your code.
See the information on DESCRIPTION files in the chapter ‘Creating R
packages’ of the ‘Writing R Extensions’ manual.
Flavors: r-devel-linux-x86_64-debian-clang, r-devel-linux-x86_64-debian-gcc, r-devel-linux-x86_64-fedora-clang, r-devel-linux-x86_64-fedora-gcc, r-devel-osx-x86_64-clang, r-devel-windows-ix86+x86_64, r-patched-linux-x86_64, r-patched-solaris-sparc, r-patched-solaris-x86, r-release-linux-ix86, r-release-linux-x86_64, r-release-osx-x86_64-mavericks, r-release-windows-ix86+x86_64, r-oldrel-windows-ix86+x86_64